CRAN Package Check Results for Package robotstxt

Last updated on 2022-06-27 11:50:53 CEST.

Flavor Version Tinstall Tcheck Ttotal Status Flags
r-devel-linux-x86_64-debian-clang 0.7.13 3.43 42.39 45.82 NOTE
r-devel-linux-x86_64-debian-gcc 0.7.13 2.65 32.36 35.01 NOTE
r-devel-linux-x86_64-fedora-clang 0.7.13 63.60 NOTE
r-devel-linux-x86_64-fedora-gcc 0.7.13 64.39 NOTE
r-devel-windows-x86_64 0.7.13 42.00 74.00 116.00 NOTE
r-patched-linux-x86_64 0.7.13 3.76 40.78 44.54 NOTE
r-release-linux-x86_64 0.7.13 3.39 41.06 44.45 NOTE
r-release-macos-arm64 0.7.13 25.00 NOTE
r-release-macos-x86_64 0.7.13 33.00 NOTE
r-release-windows-x86_64 0.7.13 41.00 76.00 117.00 NOTE
r-oldrel-macos-arm64 0.7.13 33.00 NOTE
r-oldrel-macos-x86_64 0.7.13 43.00 NOTE
r-oldrel-windows-ix86+x86_64 0.7.13 7.00 62.00 69.00 NOTE

Check Details

Version: 0.7.13
Check: LazyData
Result: NOTE
     'LazyData' is specified without a 'data' directory
Flavors: r-devel-linux-x86_64-debian-clang, r-devel-linux-x86_64-debian-gcc, r-devel-linux-x86_64-fedora-clang, r-devel-linux-x86_64-fedora-gcc, r-devel-windows-x86_64, r-patched-linux-x86_64, r-release-linux-x86_64, r-release-macos-arm64, r-release-macos-x86_64, r-release-windows-x86_64, r-oldrel-macos-arm64, r-oldrel-macos-x86_64, r-oldrel-windows-ix86+x86_64

Version: 0.7.13
Check: dependencies in R code
Result: NOTE
    Namespace in Imports field not imported from: ‘future’
     All declared Imports should be used.
Flavors: r-devel-linux-x86_64-fedora-clang, r-devel-linux-x86_64-fedora-gcc, r-release-macos-arm64, r-release-macos-x86_64, r-oldrel-macos-arm64, r-oldrel-macos-x86_64