CRAN Package Check Results for Package robfilter

Last updated on 2022-07-02 12:53:13 CEST.

Flavor Version Tinstall Tcheck Ttotal Status Flags
r-devel-linux-x86_64-debian-clang 4.1.2 23.45 98.17 121.62 NOTE
r-devel-linux-x86_64-debian-gcc 4.1.2 18.53 72.79 91.32 NOTE
r-devel-linux-x86_64-fedora-clang 4.1.2 155.52 NOTE
r-devel-linux-x86_64-fedora-gcc 4.1.2 155.43 NOTE
r-devel-windows-x86_64 4.1.2 63.00 141.00 204.00 NOTE
r-patched-linux-x86_64 4.1.2 20.89 91.61 112.50 OK
r-release-linux-x86_64 4.1.2 19.29 93.12 112.41 OK
r-release-macos-arm64 4.1.2 42.00 OK
r-release-macos-x86_64 4.1.2 54.00 OK
r-release-windows-x86_64 4.1.2 73.00 152.00 225.00 OK
r-oldrel-macos-arm64 4.1.2 47.00 OK
r-oldrel-macos-x86_64 4.1.2 79.00 OK
r-oldrel-windows-ix86+x86_64 4.1.2 53.00 176.00 229.00 OK

Check Details

Version: 4.1.2
Check: Rd files
Result: NOTE
    checkRd: (-1) hybrid.filter.Rd:159: Escaped LaTeX specials: \&
Flavors: r-devel-linux-x86_64-debian-clang, r-devel-linux-x86_64-debian-gcc, r-devel-linux-x86_64-fedora-clang, r-devel-linux-x86_64-fedora-gcc, r-devel-windows-x86_64