Last updated on 2024-03-29 09:55:35 CET.
Flavor | Version | Tinstall | Tcheck | Ttotal | Status | Flags |
---|---|---|---|---|---|---|
r-devel-linux-x86_64-debian-clang | 2.1.0.5 | 11.61 | 178.67 | 190.28 | OK | |
r-devel-linux-x86_64-debian-gcc | 2.1.0.5 | 8.93 | 138.57 | 147.50 | OK | |
r-devel-linux-x86_64-fedora-clang | 2.1.0.5 | 246.90 | OK | |||
r-devel-linux-x86_64-fedora-gcc | 2.1.0.5 | 259.35 | NOTE | |||
r-devel-windows-x86_64 | 2.1.0.5 | 9.00 | 162.00 | 171.00 | OK | |
r-patched-linux-x86_64 | 2.1.0.5 | 7.68 | 180.67 | 188.35 | OK | |
r-release-linux-x86_64 | 2.1.0.5 | 6.83 | 181.25 | 188.08 | OK | |
r-release-macos-arm64 | 2.1.0.5 | 126.00 | OK | |||
r-release-macos-x86_64 | 2.1.0.5 | 185.00 | OK | |||
r-release-windows-x86_64 | 2.1.0.5 | 13.00 | 200.00 | 213.00 | OK | |
r-oldrel-macos-arm64 | 2.1.0.5 | 129.00 | OK | |||
r-oldrel-windows-x86_64 | 2.1.0.5 | 13.00 | 202.00 | 215.00 | OK |
Version: 2.1.0.5
Check: for non-standard things in the check directory
Result: NOTE
Found the following files/directories:
‘DT’ ‘devtools’ ‘dygraphs’ ‘leaflet’
Flavor: r-devel-linux-x86_64-fedora-gcc