CRAN Package Check Results for Package rnoaa

Last updated on 2022-11-30 10:51:48 CET.

Flavor Version Tinstall Tcheck Ttotal Status Flags
r-devel-linux-x86_64-debian-clang 1.3.8 15.92 119.19 135.11 OK
r-devel-linux-x86_64-debian-gcc 1.3.8 11.84 88.03 99.87 OK
r-devel-linux-x86_64-fedora-clang 1.3.8 176.17 NOTE
r-devel-linux-x86_64-fedora-gcc 1.3.8 163.06 OK
r-devel-windows-x86_64 1.3.8 79.00 159.00 238.00 OK
r-patched-linux-x86_64 1.3.8 16.23 107.66 123.89 OK
r-release-linux-x86_64 1.3.8 9.14 108.49 117.63 OK
r-release-macos-arm64 1.3.8 42.00 OK
r-release-macos-x86_64 1.3.8 74.00 OK
r-release-windows-x86_64 1.3.8 57.00 152.00 209.00 OK
r-oldrel-macos-arm64 1.3.8 223.00 OK
r-oldrel-macos-x86_64 1.3.8 57.00 OK
r-oldrel-windows-ix86+x86_64 1.3.8 27.00 135.00 162.00 OK

Check Details

Version: 1.3.8
Check: Rd cross-references
Result: NOTE
    Undeclared package ‘rappdirs’ in Rd xrefs
Flavor: r-devel-linux-x86_64-fedora-clang