Last updated on 2024-04-18 12:52:58 CEST.
Flavor | Version | Tinstall | Tcheck | Ttotal | Status | Flags |
---|---|---|---|---|---|---|
r-devel-linux-x86_64-debian-clang | 0.4.0 | 23.53 | 248.81 | 272.34 | OK | |
r-devel-linux-x86_64-debian-gcc | 0.4.0 | 20.27 | 179.15 | 199.42 | OK | |
r-devel-linux-x86_64-fedora-clang | 0.4.0 | 361.42 | NOTE | |||
r-devel-linux-x86_64-fedora-gcc | 0.4.0 | 346.87 | OK | |||
r-prerel-macos-arm64 | 0.4.0 | 90.00 | OK | |||
r-prerel-macos-x86_64 | 0.4.0 | 133.00 | OK | |||
r-prerel-windows-x86_64 | 0.4.0 | 23.00 | 204.00 | 227.00 | OK | |
r-patched-linux-x86_64 | 0.4.0 | 24.53 | 237.66 | 262.19 | OK | |
r-release-linux-x86_64 | 0.4.0 | 19.39 | 241.19 | 260.58 | OK | |
r-release-macos-arm64 | 0.4.0 | 91.00 | OK | |||
r-release-macos-x86_64 | 0.4.0 | 145.00 | OK | |||
r-release-windows-x86_64 | 0.4.0 | 33.00 | 250.00 | 283.00 | OK | |
r-oldrel-macos-arm64 | 0.4.0 | 66.00 | OK | |||
r-oldrel-windows-x86_64 | 0.4.0 | 30.00 | 230.00 | 260.00 | OK |
Version: 0.4.0
Check: Rd cross-references
Result: NOTE
Undeclared packages ‘netmeta’, ‘metafor’ in Rd xrefs
Flavor: r-devel-linux-x86_64-fedora-clang