CRAN Package Check Results for Package rneos

Last updated on 2024-02-27 11:50:01 CET.

Flavor Version Tinstall Tcheck Ttotal Status Flags
r-devel-linux-x86_64-debian-clang 0.4-0 4.15 45.67 49.82 NOTE
r-devel-linux-x86_64-debian-gcc 0.4-0 4.34 35.87 40.21 NOTE
r-devel-linux-x86_64-fedora-clang 0.4-0 65.43 NOTE
r-devel-linux-x86_64-fedora-gcc 0.4-0 63.56 NOTE
r-devel-windows-x86_64 0.4-0 6.00 59.00 65.00 NOTE
r-patched-linux-x86_64 0.4-0 5.69 45.35 51.04 NOTE
r-release-linux-x86_64 0.4-0 4.79 46.81 51.60 NOTE
r-release-macos-arm64 0.4-0 23.00 NOTE
r-release-macos-x86_64 0.4-0 33.00 NOTE
r-release-windows-x86_64 0.4-0 8.00 64.00 72.00 NOTE
r-oldrel-macos-arm64 0.4-0 22.00 OK
r-oldrel-windows-x86_64 0.4-0 9.00 70.00 79.00 OK

Check Details

Version: 0.4-0
Check: Rd files
Result: NOTE checkRd: (-1) NlistServersInCategory.Rd:11: Escaped LaTeX specials: \_ Flavors: r-devel-linux-x86_64-debian-clang, r-devel-linux-x86_64-debian-gcc, r-devel-linux-x86_64-fedora-clang, r-devel-linux-x86_64-fedora-gcc, r-devel-windows-x86_64, r-patched-linux-x86_64, r-release-linux-x86_64, r-release-macos-arm64, r-release-macos-x86_64, r-release-windows-x86_64