CRAN Package Check Results for Package rnaturalearthdata

Last updated on 2023-11-28 13:51:07 CET.

Flavor Version Tinstall Tcheck Ttotal Status Flags
r-devel-linux-x86_64-debian-clang 0.1.0 8.41 32.91 41.32 OK
r-devel-linux-x86_64-debian-gcc 0.1.0 7.39 24.84 32.23 OK
r-devel-linux-x86_64-fedora-clang 0.1.0 52.63 NOTE
r-devel-linux-x86_64-fedora-gcc 0.1.0 49.97 NOTE
r-devel-windows-x86_64 0.1.0 9.00 46.00 55.00 OK
r-patched-linux-x86_64 0.1.0 9.51 31.97 41.48 OK
r-release-linux-x86_64 0.1.0 8.06 32.24 40.30 OK
r-release-macos-arm64 0.1.0 23.00 OK
r-release-macos-x86_64 0.1.0 34.00 OK
r-release-windows-x86_64 0.1.0 11.00 49.00 60.00 OK
r-oldrel-macos-arm64 0.1.0 24.00 OK
r-oldrel-macos-x86_64 0.1.0 30.00 NOTE
r-oldrel-windows-x86_64 0.1.0 12.00 54.00 66.00 OK

Check Details

Version: 0.1.0
Check: data for non-ASCII characters
Result: NOTE Note: found 133 marked Latin-1 strings Flavors: r-devel-linux-x86_64-fedora-clang, r-devel-linux-x86_64-fedora-gcc, r-oldrel-macos-x86_64