CRAN Package Check Results for Package rminizinc

Last updated on 2023-10-01 12:00:48 CEST.

Flavor Version Tinstall Tcheck Ttotal Status Flags
r-devel-linux-x86_64-debian-clang 0.0.8 71.63 76.93 148.56 NOTE
r-devel-linux-x86_64-debian-gcc 0.0.8 55.13 58.27 113.40 NOTE
r-devel-linux-x86_64-fedora-clang 0.0.8 217.18 NOTE
r-devel-linux-x86_64-fedora-gcc 0.0.8 213.79 NOTE
r-devel-windows-x86_64 0.0.8 90.00 116.00 206.00 NOTE
r-patched-linux-x86_64 0.0.8 70.75 72.85 143.60 NOTE
r-release-linux-x86_64 0.0.8 66.64 74.97 141.61 NOTE
r-release-macos-arm64 0.0.8 70.00 NOTE
r-release-macos-x86_64 0.0.8 116.00 NOTE
r-release-windows-x86_64 0.0.8 92.00 128.00 220.00 NOTE
r-oldrel-macos-arm64 0.0.8 56.00 NOTE
r-oldrel-macos-x86_64 0.0.8 73.00 NOTE
r-oldrel-windows-x86_64 0.0.8 102.00 109.00 211.00 NOTE

Check Details

Version: 0.0.8
Check: C++ specification
Result: NOTE
     Specified C++11: please drop specification unless essential
Flavors: r-devel-linux-x86_64-debian-clang, r-devel-linux-x86_64-debian-gcc, r-devel-linux-x86_64-fedora-clang, r-devel-linux-x86_64-fedora-gcc, r-devel-windows-x86_64, r-patched-linux-x86_64, r-release-linux-x86_64, r-release-macos-arm64, r-release-macos-x86_64, r-release-windows-x86_64

Version: 0.0.8
Check: installed package size
Result: NOTE
     installed size is 6.0Mb
     sub-directories of 1Mb or more:
     minizinc 3.4Mb
Flavors: r-devel-linux-x86_64-fedora-clang, r-devel-windows-x86_64, r-release-macos-arm64, r-release-macos-x86_64, r-release-windows-x86_64, r-oldrel-macos-arm64, r-oldrel-macos-x86_64, r-oldrel-windows-x86_64