Last updated on 2024-04-19 11:56:59 CEST.
Flavor | Version | Tinstall | Tcheck | Ttotal | Status | Flags |
---|---|---|---|---|---|---|
r-devel-linux-x86_64-debian-clang | 1.3-9 | 164.55 | 298.23 | 462.78 | NOTE | |
r-devel-linux-x86_64-debian-gcc | 1.3-9 | NOTE | ||||
r-devel-linux-x86_64-fedora-clang | 1.3-9 | 596.50 | NOTE | |||
r-devel-linux-x86_64-fedora-gcc | 1.3-9 | 585.29 | NOTE | |||
r-prerel-macos-arm64 | 1.3-9 | 136.00 | NOTE | |||
r-prerel-windows-x86_64 | 1.3-9 | 122.00 | 228.00 | 350.00 | NOTE | |
r-patched-linux-x86_64 | 1.3-9 | 114.32 | 281.78 | 396.10 | NOTE | |
r-release-linux-x86_64 | 1.3-9 | 110.02 | 285.94 | 395.96 | NOTE | |
r-release-macos-arm64 | 1.3-9 | 139.00 | NOTE | |||
r-release-macos-x86_64 | 1.3-9 | 239.00 | NOTE | |||
r-release-windows-x86_64 | 1.3-9 | 157.00 | 287.00 | 444.00 | NOTE | |
r-oldrel-macos-arm64 | 1.3-9 | 123.00 | NOTE | |||
r-oldrel-windows-x86_64 | 1.3-9 | 154.00 | 282.00 | 436.00 | OK |
Version: 1.3-9
Check: Rd files
Result: NOTE
checkRd: (-1) cGARCHfilter-class.Rd:57: Escaped LaTeX specials: \&
checkRd: (-1) cGARCHfit-class.Rd:59: Escaped LaTeX specials: \&
checkRd: (-1) cGARCHsim-class.Rd:52: Escaped LaTeX specials: \&
checkRd: (-1) cGARCHspec-class.Rd:36: Escaped LaTeX specials: \&
checkRd: (-1) cgarchsim-methods.Rd:78: Escaped LaTeX specials: \&
checkRd: (-1) goGARCHfft-class.Rd:65: Lost braces
65 | code{dfft(object, index=0)} on an object created from a forecast with
| ^
checkRd: (-1) goGARCHfilter-class.Rd:155: Escaped LaTeX specials: \&
checkRd: (-1) goGARCHfit-class.Rd:166: Escaped LaTeX specials: \&
checkRd: (-1) rmgarch-package.Rd:73: Escaped LaTeX specials: \&
Flavors: r-devel-linux-x86_64-debian-clang, r-devel-linux-x86_64-debian-gcc, r-devel-linux-x86_64-fedora-clang, r-devel-linux-x86_64-fedora-gcc, r-prerel-macos-arm64, r-prerel-windows-x86_64, r-patched-linux-x86_64
Version: 1.3-9
Check: installed package size
Result: NOTE
installed size is 9.7Mb
sub-directories of 1Mb or more:
R 3.0Mb
libs 5.7Mb
Flavors: r-prerel-macos-arm64, r-release-macos-arm64, r-release-macos-x86_64, r-oldrel-macos-arm64
Version: 1.3-9
Check: Rd files
Result: NOTE
checkRd: (-1) cGARCHfilter-class.Rd:57: Escaped LaTeX specials: \&
checkRd: (-1) cGARCHfit-class.Rd:59: Escaped LaTeX specials: \&
checkRd: (-1) cGARCHsim-class.Rd:52: Escaped LaTeX specials: \&
checkRd: (-1) cGARCHspec-class.Rd:36: Escaped LaTeX specials: \&
checkRd: (-1) cgarchsim-methods.Rd:78: Escaped LaTeX specials: \&
checkRd: (-1) goGARCHfilter-class.Rd:155: Escaped LaTeX specials: \&
checkRd: (-1) goGARCHfit-class.Rd:166: Escaped LaTeX specials: \&
checkRd: (-1) rmgarch-package.Rd:73: Escaped LaTeX specials: \&
Flavors: r-release-linux-x86_64, r-release-macos-arm64, r-release-macos-x86_64, r-release-windows-x86_64