Last updated on 2025-05-12 13:50:25 CEST.
Flavor | Version | Tinstall | Tcheck | Ttotal | Status | Flags |
---|---|---|---|---|---|---|
r-devel-linux-x86_64-debian-clang | 0.4.1 | 2.33 | 30.32 | 32.65 | NOTE | |
r-devel-linux-x86_64-debian-gcc | 0.4.1 | 1.82 | 24.22 | 26.04 | NOTE | |
r-devel-linux-x86_64-fedora-clang | 0.4.1 | 50.98 | OK | |||
r-devel-linux-x86_64-fedora-gcc | 0.4.1 | 62.05 | OK | |||
r-devel-windows-x86_64 | 0.4.1 | 4.00 | 61.00 | 65.00 | OK | |
r-patched-linux-x86_64 | 0.4.1 | 2.52 | 28.49 | 31.01 | OK | |
r-release-linux-x86_64 | 0.4.1 | 2.36 | 28.67 | 31.03 | OK | |
r-release-macos-arm64 | 0.4.1 | 49.00 | OK | |||
r-release-macos-x86_64 | 0.4.1 | 93.00 | OK | |||
r-release-windows-x86_64 | 0.4.1 | 5.00 | 62.00 | 67.00 | OK | |
r-oldrel-macos-arm64 | 0.4.1 | 25.00 | NOTE | |||
r-oldrel-macos-x86_64 | 0.4.1 | 39.00 | NOTE | |||
r-oldrel-windows-x86_64 | 0.4.1 | 5.00 | 64.00 | 69.00 | NOTE |
Version: 0.4.1
Check: CRAN incoming feasibility
Result: NOTE
Maintainer: ‘Johan Larsson <johanlarsson@outlook.com>’
Package CITATION file contains call(s) to old-style personList() or
as.personList(). Please use c() on person objects instead.
Flavors: r-devel-linux-x86_64-debian-clang, r-devel-linux-x86_64-debian-gcc
Version: 0.4.1
Check: LazyData
Result: NOTE
'LazyData' is specified without a 'data' directory
Flavors: r-oldrel-macos-arm64, r-oldrel-macos-x86_64, r-oldrel-windows-x86_64