CRAN Package Check Results for Package rmdfiltr

Last updated on 2022-06-27 11:50:53 CEST.

Flavor Version Tinstall Tcheck Ttotal Status Flags
r-devel-linux-x86_64-debian-clang 0.1.3 2.25 30.84 33.09 NOTE
r-devel-linux-x86_64-debian-gcc 0.1.3 1.60 23.67 25.27 NOTE
r-devel-linux-x86_64-fedora-clang 0.1.3 50.25 NOTE
r-devel-linux-x86_64-fedora-gcc 0.1.3 49.91 NOTE
r-devel-windows-x86_64 0.1.3 17.00 63.00 80.00 NOTE
r-patched-linux-x86_64 0.1.3 1.62 29.23 30.85 NOTE
r-release-linux-x86_64 0.1.3 2.02 28.93 30.95 NOTE
r-release-macos-arm64 0.1.3 18.00 NOTE
r-release-macos-x86_64 0.1.3 27.00 NOTE
r-release-windows-x86_64 0.1.3 11.00 62.00 73.00 NOTE
r-oldrel-macos-arm64 0.1.3 24.00 NOTE
r-oldrel-macos-x86_64 0.1.3 33.00 NOTE
r-oldrel-windows-ix86+x86_64 0.1.3 6.00 50.00 56.00 NOTE

Check Details

Version: 0.1.3
Check: LazyData
Result: NOTE
     'LazyData' is specified without a 'data' directory
Flavors: r-devel-linux-x86_64-debian-clang, r-devel-linux-x86_64-debian-gcc, r-devel-linux-x86_64-fedora-clang, r-devel-linux-x86_64-fedora-gcc, r-devel-windows-x86_64, r-patched-linux-x86_64, r-release-linux-x86_64, r-release-macos-arm64, r-release-macos-x86_64, r-release-windows-x86_64, r-oldrel-macos-arm64, r-oldrel-macos-x86_64, r-oldrel-windows-ix86+x86_64