Last updated on 2025-07-08 12:49:58 CEST.
Flavor | Version | Tinstall | Tcheck | Ttotal | Status | Flags |
---|---|---|---|---|---|---|
r-devel-linux-x86_64-debian-clang | 0.1.1 | 2.48 | 107.57 | 110.05 | OK | |
r-devel-linux-x86_64-debian-gcc | 0.1.1 | 1.91 | 68.68 | 70.59 | OK | |
r-devel-linux-x86_64-fedora-clang | 0.1.1 | 170.14 | OK | |||
r-devel-linux-x86_64-fedora-gcc | 0.1.1 | 176.85 | OK | |||
r-devel-windows-x86_64 | 0.1.1 | 4.00 | 116.00 | 120.00 | OK | |
r-patched-linux-x86_64 | 0.1.1 | 3.03 | 98.98 | 102.01 | OK | |
r-release-linux-x86_64 | 0.1.1 | 2.47 | 99.22 | 101.69 | OK | |
r-release-macos-arm64 | 0.1.1 | 58.00 | OK | |||
r-release-macos-x86_64 | 0.1.1 | 146.00 | OK | |||
r-release-windows-x86_64 | 0.1.1 | 4.00 | 119.00 | 123.00 | OK | |
r-oldrel-macos-arm64 | 0.1.1 | 51.00 | NOTE | |||
r-oldrel-macos-x86_64 | 0.1.1 | 163.00 | NOTE | |||
r-oldrel-windows-x86_64 | 0.1.1 | 5.00 | 151.00 | 156.00 | NOTE |
Version: 0.1.1
Check: package dependencies
Result: NOTE
Package suggested but not available for checking: ‘bridgestan’
Flavors: r-oldrel-macos-arm64, r-oldrel-macos-x86_64, r-oldrel-windows-x86_64