Last updated on 2025-04-29 12:52:48 CEST.
Flavor | Version | Tinstall | Tcheck | Ttotal | Status | Flags |
---|---|---|---|---|---|---|
r-devel-linux-x86_64-debian-clang | 2.0.3 | 5.94 | 39.48 | 45.42 | NOTE | |
r-devel-linux-x86_64-debian-gcc | 2.0.3 | 4.05 | 28.91 | 32.96 | NOTE | |
r-devel-linux-x86_64-fedora-clang | 2.0.3 | 70.70 | OK | |||
r-devel-linux-x86_64-fedora-gcc | 2.0.3 | 71.80 | OK | |||
r-devel-windows-x86_64 | 2.0.3 | 8.00 | 70.00 | 78.00 | OK | |
r-patched-linux-x86_64 | 2.0.3 | 5.77 | 38.59 | 44.36 | OK | |
r-release-linux-x86_64 | 2.0.3 | 5.32 | 39.50 | 44.82 | OK | |
r-release-macos-arm64 | 2.0.3 | 26.00 | OK | |||
r-release-macos-x86_64 | 2.0.3 | 63.00 | OK | |||
r-release-windows-x86_64 | 2.0.3 | 7.00 | 75.00 | 82.00 | OK | |
r-oldrel-macos-arm64 | 2.0.3 | 24.00 | OK | |||
r-oldrel-macos-x86_64 | 2.0.3 | 59.00 | OK | |||
r-oldrel-windows-x86_64 | 2.0.3 | 8.00 | 67.00 | 75.00 | OK |
Version: 2.0.3
Check: examples
Result: NOTE
Examples with CPU (user + system) or elapsed time > 5s
user system elapsed
margint.rob 6.119 0.035 8.542
plot.margint 6.071 0.001 7.149
Flavor: r-devel-linux-x86_64-debian-clang
Version: 2.0.3
Check: examples
Result: NOTE
Examples with CPU (user + system) or elapsed time > 5s
user system elapsed
margint.rob 4.202 0.007 5.644
Flavor: r-devel-linux-x86_64-debian-gcc