Last updated on 2025-02-01 12:48:37 CET.
Flavor | Version | Tinstall | Tcheck | Ttotal | Status | Flags |
---|---|---|---|---|---|---|
r-devel-linux-x86_64-debian-clang | 0.1.3 | 26.82 | 42.41 | 69.23 | NOTE | |
r-devel-linux-x86_64-debian-gcc | 0.1.3 | 16.25 | 30.22 | 46.47 | NOTE | |
r-devel-linux-x86_64-fedora-clang | 0.1.3 | 126.81 | NOTE | |||
r-devel-linux-x86_64-fedora-gcc | 0.1.3 | 130.77 | NOTE | |||
r-devel-windows-x86_64 | 0.1.3 | 30.00 | 81.00 | 111.00 | NOTE | |
r-patched-linux-x86_64 | 0.1.3 | 25.56 | 39.74 | 65.30 | NOTE | |
r-release-linux-x86_64 | 0.1.3 | 22.53 | 39.57 | 62.10 | NOTE | |
r-release-macos-arm64 | 0.1.3 | 39.00 | NOTE | |||
r-release-macos-x86_64 | 0.1.3 | 51.00 | NOTE | |||
r-release-windows-x86_64 | 0.1.3 | 30.00 | 80.00 | 110.00 | NOTE | |
r-oldrel-macos-arm64 | 0.1.3 | 38.00 | NOTE | |||
r-oldrel-macos-x86_64 | 0.1.3 | 60.00 | NOTE | |||
r-oldrel-windows-x86_64 | 0.1.3 | 36.00 | 90.00 | 126.00 | NOTE |
Version: 0.1.3
Check: C++ specification
Result: NOTE
Specified C++11: please drop specification unless essential
Flavors: r-devel-linux-x86_64-debian-clang, r-devel-linux-x86_64-debian-gcc, r-devel-linux-x86_64-fedora-clang, r-devel-linux-x86_64-fedora-gcc, r-devel-windows-x86_64, r-patched-linux-x86_64, r-release-linux-x86_64, r-release-macos-arm64, r-release-macos-x86_64, r-release-windows-x86_64, r-oldrel-macos-arm64, r-oldrel-macos-x86_64, r-oldrel-windows-x86_64