Last updated on 2024-04-23 10:54:15 CEST.
Flavor | Version | Tinstall | Tcheck | Ttotal | Status | Flags |
---|---|---|---|---|---|---|
r-devel-linux-x86_64-debian-clang | 0.5.0 | 6.33 | 88.10 | 94.43 | NOTE | |
r-devel-linux-x86_64-debian-gcc | 0.5.0 | 4.86 | 66.65 | 71.51 | NOTE | |
r-devel-linux-x86_64-fedora-gcc | 0.5.0 | 128.14 | NOTE | |||
r-prerel-macos-arm64 | 0.5.0 | 42.00 | NOTE | |||
r-prerel-windows-x86_64 | 0.5.0 | 8.00 | 84.00 | 92.00 | NOTE | |
r-patched-linux-x86_64 | 0.5.0 | 6.87 | 85.65 | 92.52 | NOTE | |
r-release-linux-x86_64 | 0.5.0 | 6.27 | 87.21 | 93.48 | OK | |
r-release-macos-arm64 | 0.5.0 | 42.00 | OK | |||
r-release-macos-x86_64 | 0.5.0 | 77.00 | OK | |||
r-release-windows-x86_64 | 0.5.0 | 10.00 | 93.00 | 103.00 | OK | |
r-oldrel-macos-arm64 | 0.5.0 | 38.00 | OK | |||
r-oldrel-windows-x86_64 | 0.5.0 | 9.00 | 96.00 | 105.00 | OK |
Version: 0.5.0
Check: Rd files
Result: NOTE
checkRd: (-1) ms_simplify.Rd:36: Lost braces
36 | \url{https://github.com/mbloch/mapshaper/wiki/Simplification-Tips}{link}
| ^
Flavors: r-devel-linux-x86_64-debian-clang, r-devel-linux-x86_64-debian-gcc, r-devel-linux-x86_64-fedora-gcc, r-prerel-macos-arm64, r-prerel-windows-x86_64, r-patched-linux-x86_64