Last updated on 2025-11-04 11:52:41 CET.
| Flavor | Version | Tinstall | Tcheck | Ttotal | Status | Flags | 
|---|---|---|---|---|---|---|
| r-devel-linux-x86_64-debian-clang | 0.2.1 | 29.05 | 235.63 | 264.68 | NOTE | |
| r-devel-linux-x86_64-debian-gcc | 0.2.1 | 19.41 | 150.69 | 170.10 | NOTE | |
| r-devel-linux-x86_64-fedora-clang | 0.2.1 | 64.00 | 352.16 | 416.16 | OK | |
| r-devel-linux-x86_64-fedora-gcc | 0.2.1 | 55.00 | 353.45 | 408.45 | OK | |
| r-devel-windows-x86_64 | 0.2.1 | 25.00 | 177.00 | 202.00 | OK | |
| r-patched-linux-x86_64 | 0.2.1 | 27.62 | 226.74 | 254.36 | OK | |
| r-release-linux-x86_64 | 0.2.1 | 28.51 | 224.71 | 253.22 | OK | |
| r-release-macos-arm64 | 0.2.1 | 12.00 | 82.00 | 94.00 | OK | |
| r-release-macos-x86_64 | 0.2.1 | 23.00 | 207.00 | 230.00 | OK | |
| r-release-windows-x86_64 | 0.2.1 | 26.00 | 179.00 | 205.00 | OK | |
| r-oldrel-macos-arm64 | 0.2.1 | 11.00 | 76.00 | 87.00 | OK | |
| r-oldrel-macos-x86_64 | 0.2.1 | 18.00 | 183.00 | 201.00 | OK | |
| r-oldrel-windows-x86_64 | 0.2.1 | 37.00 | 253.00 | 290.00 | OK | 
Version: 0.2.1
Check: CRAN incoming feasibility
Result: NOTE
  Maintainer: ‘Francois Keck <francois.keck@gmail.com>’
  
  No Authors@R field in DESCRIPTION.
  Please add one, modifying
    Authors@R: person(given = "Francois",
                      family = "Keck",
                      role = c("aut", "cre"),
                      email = "francois.keck@gmail.com")
  as necessary.
Flavors: r-devel-linux-x86_64-debian-clang, r-devel-linux-x86_64-debian-gcc