Last updated on 2022-07-06 12:53:44 CEST.
Flavor | Version | Tinstall | Tcheck | Ttotal | Status | Flags |
---|---|---|---|---|---|---|
r-devel-linux-x86_64-debian-clang | 1.2 | 6.38 | 52.52 | 58.90 | OK | |
r-devel-linux-x86_64-debian-gcc | 1.2 | 5.55 | 41.78 | 47.33 | OK | |
r-devel-linux-x86_64-fedora-clang | 1.2 | 76.75 | NOTE | |||
r-devel-linux-x86_64-fedora-gcc | 1.2 | 78.60 | OK | |||
r-devel-windows-x86_64 | 1.2 | 1111.00 | 65.00 | 1176.00 | NOTE | |
r-patched-linux-x86_64 | 1.2 | 6.55 | 51.80 | 58.35 | OK | |
r-release-linux-x86_64 | 1.2 | 7.09 | 52.59 | 59.68 | OK | |
r-release-macos-arm64 | 1.2 | 27.00 | NOTE | |||
r-release-macos-x86_64 | 1.2 | 51.00 | NOTE | |||
r-release-windows-x86_64 | 1.2 | 831.00 | 64.00 | 895.00 | NOTE | |
r-oldrel-macos-arm64 | 1.2 | 30.00 | NOTE | |||
r-oldrel-macos-x86_64 | 1.2 | 53.00 | NOTE | |||
r-oldrel-windows-ix86+x86_64 | 1.2 | 13.00 | 58.00 | 71.00 | NOTE |
Version: 1.2
Check: installed package size
Result: NOTE
installed size is 12.2Mb
sub-directories of 1Mb or more:
java 12.0Mb
Flavors: r-devel-linux-x86_64-fedora-clang, r-devel-windows-x86_64, r-release-macos-arm64, r-release-macos-x86_64, r-release-windows-x86_64, r-oldrel-macos-arm64, r-oldrel-macos-x86_64, r-oldrel-windows-ix86+x86_64