Last updated on 2024-04-24 11:21:02 CEST.
Flavor | Version | Tinstall | Tcheck | Ttotal | Status | Flags |
---|---|---|---|---|---|---|
r-devel-linux-x86_64-debian-clang | 1.3.0 | 262.27 | 40.79 | 303.06 | NOTE | |
r-devel-linux-x86_64-debian-gcc | 1.3.0 | 274.32 | 31.27 | 305.59 | NOTE | |
r-devel-linux-x86_64-fedora-clang | 1.3.0 | 426.91 | NOTE | |||
r-devel-linux-x86_64-fedora-gcc | 1.3.0 | 552.02 | NOTE | |||
r-devel-windows-x86_64 | 1.3.0 | 186.00 | 106.00 | 292.00 | NOTE | |
r-patched-linux-x86_64 | 1.2.0 | 106.27 | 31.60 | 137.87 | OK | |
r-release-linux-x86_64 | 1.3.0 | 319.39 | 36.87 | 356.26 | OK | |
r-release-macos-arm64 | 1.3.0 | 141.00 | NOTE | |||
r-release-macos-x86_64 | 1.3.0 | 188.00 | NOTE | |||
r-release-windows-x86_64 | 1.3.0 | 195.00 | 105.00 | 300.00 | NOTE | |
r-oldrel-macos-arm64 | 1.3.0 | 142.00 | NOTE | |||
r-oldrel-macos-x86_64 | 1.3.0 | 197.00 | NOTE | |||
r-oldrel-windows-x86_64 | 1.3.0 | 173.00 | 107.00 | 280.00 | NOTE |
Version: 1.3.0
Check: compiled code
Result: NOTE
File ‘rjsoncons/libs/rjsoncons.so’:
Found non-API calls to R: ‘SETLENGTH’, ‘SET_TRUELENGTH’
Compiled code should not call non-API entry points in R.
See ‘Writing portable packages’ in the ‘Writing R Extensions’ manual.
Flavors: r-devel-linux-x86_64-debian-clang, r-devel-linux-x86_64-debian-gcc, r-devel-linux-x86_64-fedora-clang, r-devel-linux-x86_64-fedora-gcc
Version: 1.3.0
Check: installed package size
Result: NOTE
installed size is 9.6Mb
sub-directories of 1Mb or more:
include 3.4Mb
libs 5.2Mb
Flavors: r-devel-linux-x86_64-fedora-clang, r-devel-windows-x86_64, r-release-macos-arm64, r-release-macos-x86_64, r-release-windows-x86_64, r-oldrel-macos-arm64, r-oldrel-macos-x86_64, r-oldrel-windows-x86_64