CRAN Package Check Results for Package riskRegression

Last updated on 2022-06-30 11:53:17 CEST.

Flavor Version Tinstall Tcheck Ttotal Status Flags
r-devel-linux-x86_64-debian-clang 2022.03.22 288.33 505.80 794.13 OK
r-devel-linux-x86_64-debian-gcc 2022.03.22 226.86 360.63 587.49 OK
r-devel-linux-x86_64-fedora-clang 2022.03.22 1040.36 NOTE
r-devel-linux-x86_64-fedora-gcc 2022.03.22 727.34 OK
r-devel-windows-x86_64 2022.03.22 481.00 547.00 1028.00 OK
r-patched-linux-x86_64 2022.03.22 233.19 459.82 693.01 OK
r-release-linux-x86_64 2022.03.22 194.24 456.64 650.88 OK
r-release-macos-arm64 2022.03.22 227.00 NOTE
r-release-macos-x86_64 2022.03.22 387.00 NOTE
r-release-windows-x86_64 2022.03.22 556.00 544.00 1100.00 OK
r-oldrel-macos-arm64 2022.03.22 230.00 NOTE
r-oldrel-macos-x86_64 2022.03.22 287.00 NOTE
r-oldrel-windows-ix86+x86_64 2022.03.22 691.00 867.00 1558.00 OK

Check Details

Version: 2022.03.22
Check: installed package size
Result: NOTE
     installed size is 8.7Mb
     sub-directories of 1Mb or more:
     libs 7.2Mb
Flavors: r-devel-linux-x86_64-fedora-clang, r-release-macos-arm64, r-release-macos-x86_64, r-oldrel-macos-arm64, r-oldrel-macos-x86_64