Last updated on 2022-07-01 11:52:09 CEST.
Flavor | Version | Tinstall | Tcheck | Ttotal | Status | Flags |
---|---|---|---|---|---|---|
r-devel-linux-x86_64-debian-clang | 0.2.2 | 87.19 | 52.76 | 139.95 | OK | |
r-devel-linux-x86_64-debian-gcc | 0.2.2 | 76.49 | 44.27 | 120.76 | OK | |
r-devel-linux-x86_64-fedora-clang | 0.2.2 | 218.44 | NOTE | |||
r-devel-linux-x86_64-fedora-gcc | 0.2.2 | 199.31 | OK | |||
r-devel-windows-x86_64 | 0.2.2 | 205.00 | 103.00 | 308.00 | OK | |
r-patched-linux-x86_64 | 0.2.2 | 52.33 | 54.78 | 107.11 | OK | |
r-release-linux-x86_64 | 0.2.2 | 59.96 | 55.44 | 115.40 | OK | |
r-release-macos-arm64 | 0.2.2 | 54.00 | NOTE | |||
r-release-macos-x86_64 | 0.2.2 | 94.00 | NOTE | |||
r-release-windows-x86_64 | 0.2.2 | 192.00 | 105.00 | 297.00 | OK | |
r-oldrel-macos-arm64 | 0.2.2 | 65.00 | NOTE | |||
r-oldrel-macos-x86_64 | 0.2.2 | 71.00 | NOTE | |||
r-oldrel-windows-ix86+x86_64 | 0.2.2 | 211.00 | 118.00 | 329.00 | OK |
Version: 0.2.2
Check: installed package size
Result: NOTE
installed size is 22.5Mb
sub-directories of 1Mb or more:
doc 1.4Mb
libs 20.9Mb
Flavors: r-devel-linux-x86_64-fedora-clang, r-release-macos-arm64, r-release-macos-x86_64, r-oldrel-macos-arm64, r-oldrel-macos-x86_64