Last updated on 2024-04-24 11:21:02 CEST.
Flavor | Version | Tinstall | Tcheck | Ttotal | Status | Flags |
---|---|---|---|---|---|---|
r-devel-linux-x86_64-debian-clang | 0.2.2 | 113.48 | 58.91 | 172.39 | NOTE | |
r-devel-linux-x86_64-debian-gcc | 0.2.2 | 87.72 | 48.96 | 136.68 | NOTE | |
r-devel-linux-x86_64-fedora-clang | 0.2.2 | 220.21 | NOTE | |||
r-devel-linux-x86_64-fedora-gcc | 0.2.2 | 247.53 | NOTE | |||
r-devel-windows-x86_64 | 0.2.2 | 73.00 | 85.00 | 158.00 | NOTE | |
r-patched-linux-x86_64 | 0.2.2 | 85.94 | 61.77 | 147.71 | NOTE | |
r-release-linux-x86_64 | 0.2.2 | 86.32 | 60.87 | 147.19 | OK | |
r-release-macos-arm64 | 0.2.2 | 65.00 | NOTE | |||
r-release-windows-x86_64 | 0.2.2 | 76.00 | 82.00 | 158.00 | NOTE | |
r-oldrel-macos-arm64 | 0.2.2 | 54.00 | NOTE | |||
r-oldrel-macos-x86_64 | 0.2.2 | 94.00 | NOTE | |||
r-oldrel-windows-x86_64 | 0.2.2 | 90.00 | 95.00 | 185.00 | OK |
Version: 0.2.2
Check: Rd files
Result: NOTE
checkRd: (-1) riskParityPortfolio.Rd:163: Lost braces in \itemize; meant \describe ?
checkRd: (-1) riskParityPortfolio.Rd:164: Lost braces in \itemize; meant \describe ?
checkRd: (-1) riskParityPortfolio.Rd:165: Lost braces in \itemize; meant \describe ?
checkRd: (-1) riskParityPortfolio.Rd:166: Lost braces in \itemize; meant \describe ?
checkRd: (-1) riskParityPortfolio.Rd:167: Lost braces in \itemize; meant \describe ?
checkRd: (-1) riskParityPortfolio.Rd:168: Lost braces in \itemize; meant \describe ?
checkRd: (-1) riskParityPortfolio.Rd:169: Lost braces in \itemize; meant \describe ?
checkRd: (-1) riskParityPortfolio.Rd:170: Lost braces in \itemize; meant \describe ?
Flavors: r-devel-linux-x86_64-debian-clang, r-devel-linux-x86_64-debian-gcc, r-devel-linux-x86_64-fedora-clang, r-devel-linux-x86_64-fedora-gcc, r-devel-windows-x86_64, r-patched-linux-x86_64, r-release-windows-x86_64
Version: 0.2.2
Check: installed package size
Result: NOTE
installed size is 23.9Mb
sub-directories of 1Mb or more:
doc 1.4Mb
libs 22.4Mb
Flavors: r-release-macos-arm64, r-oldrel-macos-arm64, r-oldrel-macos-x86_64
Version: 0.2.2
Check: package dependencies
Result: NOTE
Package suggested but not available for checking: ‘portfolioBacktest’
Flavor: r-oldrel-macos-x86_64