Last updated on 2024-04-17 10:41:48 CEST.
Flavor | Version | Tinstall | Tcheck | Ttotal | Status | Flags |
---|---|---|---|---|---|---|
r-devel-linux-x86_64-debian-clang | 1.0.4 | 9.82 | 113.22 | 123.04 | NOTE | |
r-devel-linux-x86_64-debian-gcc | 1.0.4 | 9.93 | 78.80 | 88.73 | NOTE | |
r-devel-linux-x86_64-fedora-clang | 1.0.4 | 149.57 | NOTE | |||
r-devel-linux-x86_64-fedora-gcc | 1.0.4 | 151.53 | NOTE | |||
r-prerel-macos-arm64 | 1.0.4 | 48.00 | NOTE | |||
r-prerel-windows-x86_64 | 1.0.4 | 11.00 | 99.00 | 110.00 | NOTE | |
r-patched-linux-x86_64 | 1.0.4 | 9.14 | 105.80 | 114.94 | NOTE | |
r-release-linux-x86_64 | 1.0.4 | 8.42 | 105.75 | 114.17 | OK | |
r-release-macos-arm64 | 1.0.4 | 50.00 | OK | |||
r-release-macos-x86_64 | 1.0.4 | 81.00 | OK | |||
r-release-windows-x86_64 | 1.0.4 | 13.00 | 118.00 | 131.00 | OK | |
r-oldrel-macos-arm64 | 1.0.4 | 38.00 | OK | |||
r-oldrel-windows-x86_64 | 1.0.4 | 13.00 | 112.00 | 125.00 | OK |
Version: 1.0.4
Check: Rd files
Result: NOTE
checkRd: (-1) descrip.Rd:122: Lost braces in \itemize; \value handles \item{}{} directly
checkRd: (-1) descrip.Rd:123: Lost braces in \itemize; \value handles \item{}{} directly
checkRd: (-1) descrip.Rd:124-125: Lost braces in \itemize; \value handles \item{}{} directly
checkRd: (-1) descrip.Rd:126-128: Lost braces in \itemize; \value handles \item{}{} directly
checkRd: (-1) descrip.Rd:129-133: Lost braces in \itemize; \value handles \item{}{} directly
checkRd: (-1) descrip.Rd:134-135: Lost braces in \itemize; \value handles \item{}{} directly
checkRd: (-1) descrip.Rd:136-138: Lost braces in \itemize; \value handles \item{}{} directly
checkRd: (-1) descrip.Rd:139-140: Lost braces in \itemize; \value handles \item{}{} directly
checkRd: (-1) descrip.Rd:141-144: Lost braces in \itemize; \value handles \item{}{} directly
checkRd: (-1) descrip.Rd:145-146: Lost braces in \itemize; \value handles \item{}{} directly
checkRd: (-1) descrip.Rd:147: Lost braces in \itemize; \value handles \item{}{} directly
checkRd: (-1) descrip.Rd:148: Lost braces in \itemize; \value handles \item{}{} directly
checkRd: (-1) descrip.Rd:149: Lost braces in \itemize; \value handles \item{}{} directly
Flavors: r-devel-linux-x86_64-debian-clang, r-devel-linux-x86_64-debian-gcc, r-devel-linux-x86_64-fedora-clang, r-devel-linux-x86_64-fedora-gcc, r-prerel-macos-arm64, r-prerel-windows-x86_64, r-patched-linux-x86_64