CRAN Package Check Results for Package riceidconverter

Last updated on 2022-06-26 11:52:42 CEST.

Flavor Version Tinstall Tcheck Ttotal Status Flags
r-devel-linux-x86_64-debian-clang 1.1.1 8.43 27.11 35.54 NOTE
r-devel-linux-x86_64-debian-gcc 1.1.1 8.48 21.34 29.82 NOTE
r-devel-linux-x86_64-fedora-clang 1.1.1 55.46 NOTE
r-devel-linux-x86_64-fedora-gcc 1.1.1 55.72 NOTE
r-devel-windows-x86_64 1.1.1 15.00 55.00 70.00 NOTE
r-patched-linux-x86_64 1.1.1 7.58 25.84 33.42 NOTE
r-release-linux-x86_64 1.1.1 10.46 26.41 36.87 NOTE
r-release-macos-arm64 1.1.1 23.00 NOTE
r-release-macos-x86_64 1.1.1 35.00 NOTE
r-release-windows-x86_64 1.1.1 27.00 52.00 79.00 NOTE
r-oldrel-macos-arm64 1.1.1 25.00 NOTE
r-oldrel-macos-x86_64 1.1.1 32.00 NOTE
r-oldrel-windows-ix86+x86_64 1.1.1 16.00 41.00 57.00 NOTE

Check Details

Version: 1.1.1
Check: LazyData
Result: NOTE
     'LazyData' is specified without a 'data' directory
Flavors: r-devel-linux-x86_64-debian-clang, r-devel-linux-x86_64-debian-gcc, r-devel-linux-x86_64-fedora-clang, r-devel-linux-x86_64-fedora-gcc, r-devel-windows-x86_64, r-patched-linux-x86_64, r-release-linux-x86_64, r-release-macos-arm64, r-release-macos-x86_64, r-release-windows-x86_64, r-oldrel-macos-arm64, r-oldrel-macos-x86_64, r-oldrel-windows-ix86+x86_64