CRAN Package Check Results for Package rhub

Last updated on 2022-07-03 11:53:47 CEST.

Flavor Version Tinstall Tcheck Ttotal Status Flags
r-devel-linux-x86_64-debian-clang 1.1.1 7.78 60.64 68.42 NOTE
r-devel-linux-x86_64-debian-gcc 1.1.1 5.65 46.62 52.27 NOTE
r-devel-linux-x86_64-fedora-clang 1.1.1 92.07 NOTE
r-devel-linux-x86_64-fedora-gcc 1.1.1 109.67 NOTE
r-devel-windows-x86_64 1.1.1 28.00 90.00 118.00 NOTE
r-patched-linux-x86_64 1.1.1 9.10 57.86 66.96 NOTE
r-release-linux-x86_64 1.1.1 8.90 57.62 66.52 NOTE
r-release-macos-arm64 1.1.1 51.00 NOTE
r-release-macos-x86_64 1.1.1 53.00 NOTE
r-release-windows-x86_64 1.1.1 32.00 95.00 127.00 NOTE
r-oldrel-macos-arm64 1.1.1 43.00 NOTE
r-oldrel-macos-x86_64 1.1.1 92.00 NOTE
r-oldrel-windows-ix86+x86_64 1.1.1 17.00 84.00 101.00 NOTE

Check Details

Version: 1.1.1
Check: LazyData
Result: NOTE
     'LazyData' is specified without a 'data' directory
Flavors: r-devel-linux-x86_64-debian-clang, r-devel-linux-x86_64-debian-gcc, r-devel-linux-x86_64-fedora-clang, r-devel-linux-x86_64-fedora-gcc, r-devel-windows-x86_64, r-patched-linux-x86_64, r-release-linux-x86_64, r-release-macos-arm64, r-release-macos-x86_64, r-release-windows-x86_64, r-oldrel-macos-arm64, r-oldrel-macos-x86_64, r-oldrel-windows-ix86+x86_64