Last updated on 2025-04-29 12:52:47 CEST.
Flavor | Version | Tinstall | Tcheck | Ttotal | Status | Flags |
---|---|---|---|---|---|---|
r-devel-linux-x86_64-debian-clang | 1.1 | 1.77 | 26.96 | 28.73 | NOTE | |
r-devel-linux-x86_64-debian-gcc | 1.1 | 1.58 | 19.99 | 21.57 | NOTE | |
r-devel-linux-x86_64-fedora-clang | 1.1 | 47.47 | OK | |||
r-devel-linux-x86_64-fedora-gcc | 1.1 | 43.82 | OK | |||
r-devel-windows-x86_64 | 1.1 | 3.00 | 43.00 | 46.00 | OK | |
r-patched-linux-x86_64 | 1.1 | 1.94 | 25.45 | 27.39 | OK | |
r-release-linux-x86_64 | 1.1 | 1.93 | 24.92 | 26.85 | OK | |
r-release-macos-arm64 | 1.1 | 16.00 | OK | |||
r-release-macos-x86_64 | 1.1 | 29.00 | OK | |||
r-release-windows-x86_64 | 1.1 | 3.00 | 47.00 | 50.00 | OK | |
r-oldrel-macos-arm64 | 1.1 | 14.00 | OK | |||
r-oldrel-macos-x86_64 | 1.1 | 24.00 | OK | |||
r-oldrel-windows-x86_64 | 1.1 | 2.00 | 43.00 | 45.00 | OK |
Version: 1.1
Check: CRAN incoming feasibility
Result: NOTE
Maintainer: ‘Shonosuke Sugasawa <shonosuke622@gmail.com>’
No Authors@R field in DESCRIPTION.
Please add one, modifying
Authors@R: person(given = "Shonosuke",
family = "Sugasawa",
role = c("aut", "cre"),
email = "shonosuke622@gmail.com")
as necessary.
Flavors: r-devel-linux-x86_64-debian-clang, r-devel-linux-x86_64-debian-gcc
Version: 1.1
Check: examples
Result: NOTE
Examples with CPU (user + system) or elapsed time > 5s
user system elapsed
cmseRHNERM 4.688 0.096 5.261
Flavor: r-devel-linux-x86_64-debian-clang