Last updated on 2025-04-29 12:52:47 CEST.
Flavor | Version | Tinstall | Tcheck | Ttotal | Status | Flags |
---|---|---|---|---|---|---|
r-devel-linux-x86_64-debian-clang | 1.0.0 | 1.49 | 16.82 | 18.31 | NOTE | |
r-devel-linux-x86_64-debian-gcc | 1.0.0 | 1.34 | 14.26 | 15.60 | NOTE | |
r-devel-linux-x86_64-fedora-clang | 1.0.0 | 29.05 | OK | |||
r-devel-linux-x86_64-fedora-gcc | 1.0.0 | 27.07 | OK | |||
r-devel-windows-x86_64 | 1.0.0 | 3.00 | 35.00 | 38.00 | OK | |
r-patched-linux-x86_64 | 1.0.0 | 1.69 | 16.30 | 17.99 | OK | |
r-release-linux-x86_64 | 1.0.0 | 1.51 | 16.20 | 17.71 | OK | |
r-release-macos-arm64 | 1.0.0 | 14.00 | OK | |||
r-release-macos-x86_64 | 1.0.0 | 23.00 | OK | |||
r-release-windows-x86_64 | 1.0.0 | 2.00 | 39.00 | 41.00 | OK | |
r-oldrel-macos-arm64 | 1.0.0 | 11.00 | NOTE | |||
r-oldrel-macos-x86_64 | 1.0.0 | 18.00 | NOTE | |||
r-oldrel-windows-x86_64 | 1.0.0 | 2.00 | 34.00 | 36.00 | NOTE |
Version: 1.0.0
Check: CRAN incoming feasibility
Result: NOTE
Maintainer: ‘Victhor Sartório <victhor@dme.ufrj.br>’
The Description field contains
See Neal (2017) <arXiv:1701.02434> for further details on Hamiltonian
Please refer to arXiv e-prints via their arXiv DOI <doi:10.48550/arXiv.YYMM.NNNNN>.
Flavors: r-devel-linux-x86_64-debian-clang, r-devel-linux-x86_64-debian-gcc
Version: 1.0.0
Check: LazyData
Result: NOTE
'LazyData' is specified without a 'data' directory
Flavors: r-oldrel-macos-arm64, r-oldrel-macos-x86_64, r-oldrel-windows-x86_64