Last updated on 2024-08-16 12:49:18 CEST.
Flavor | Version | Tinstall | Tcheck | Ttotal | Status | Flags |
---|---|---|---|---|---|---|
r-devel-linux-x86_64-debian-clang | 0.3.8 | 4.14 | 61.73 | 65.87 | NOTE | |
r-devel-linux-x86_64-debian-gcc | 0.3.8 | 2.55 | 46.99 | 49.54 | NOTE | |
r-devel-linux-x86_64-fedora-clang | 0.3.8 | 104.19 | NOTE | |||
r-devel-linux-x86_64-fedora-gcc | 0.3.8 | 112.78 | NOTE | |||
r-devel-windows-x86_64 | 0.3.8 | 10.00 | 78.00 | 88.00 | NOTE | |
r-patched-linux-x86_64 | 0.3.8 | 4.59 | 59.90 | 64.49 | NOTE | |
r-release-linux-x86_64 | 0.3.8 | 2.94 | 60.16 | 63.10 | NOTE | |
r-release-macos-arm64 | 0.3.8 | 45.00 | NOTE | |||
r-release-macos-x86_64 | 0.3.8 | 61.00 | NOTE | |||
r-release-windows-x86_64 | 0.3.8 | 9.00 | 79.00 | 88.00 | NOTE | |
r-oldrel-macos-arm64 | 0.3.8 | 47.00 | NOTE | |||
r-oldrel-macos-x86_64 | 0.3.8 | 62.00 | NOTE | |||
r-oldrel-windows-x86_64 | 0.3.8 | 11.00 | 90.00 | 101.00 | NOTE |
Version: 0.3.8
Check: Rd files
Result: NOTE
checkRd: (-1) rhandsontable-package.Rd:8: Lost braces
8 | R interface for creating tables using Handsontable, url{https://handsontable.com/}
| ^
Flavors: r-devel-linux-x86_64-debian-clang, r-devel-linux-x86_64-debian-gcc, r-devel-linux-x86_64-fedora-clang, r-devel-linux-x86_64-fedora-gcc, r-devel-windows-x86_64, r-patched-linux-x86_64, r-release-linux-x86_64, r-release-macos-arm64, r-release-macos-x86_64, r-release-windows-x86_64
Version: 0.3.8
Check: installed package size
Result: NOTE
installed size is 11.7Mb
sub-directories of 1Mb or more:
doc 10.3Mb
htmlwidgets 1.3Mb
Flavors: r-devel-linux-x86_64-fedora-clang, r-devel-windows-x86_64, r-release-macos-arm64, r-release-macos-x86_64, r-release-windows-x86_64, r-oldrel-macos-arm64, r-oldrel-macos-x86_64, r-oldrel-windows-x86_64