Last updated on 2023-10-01 12:00:47 CEST.
Flavor | Version | Tinstall | Tcheck | Ttotal | Status | Flags |
---|---|---|---|---|---|---|
r-devel-linux-x86_64-debian-clang | 0.4.0 | 3.44 | 47.86 | 51.30 | OK | |
r-devel-linux-x86_64-debian-gcc | 0.4.0 | 3.00 | 37.70 | 40.70 | OK | |
r-devel-linux-x86_64-fedora-clang | 0.4.0 | 67.67 | NOTE | |||
r-devel-linux-x86_64-fedora-gcc | 0.4.0 | 77.77 | NOTE | |||
r-devel-windows-x86_64 | 0.4.0 | 5.00 | 68.00 | 73.00 | OK | |
r-patched-linux-x86_64 | 0.4.0 | 4.31 | 45.38 | 49.69 | OK | |
r-release-linux-x86_64 | 0.4.0 | 3.40 | 46.39 | 49.79 | OK | |
r-release-macos-arm64 | 0.4.0 | 33.00 | OK | |||
r-release-macos-x86_64 | 0.4.0 | 49.00 | OK | |||
r-release-windows-x86_64 | 0.4.0 | 6.00 | 70.00 | 76.00 | OK | |
r-oldrel-macos-arm64 | 0.4.0 | 26.00 | OK | |||
r-oldrel-macos-x86_64 | 0.4.0 | 34.00 | OK | |||
r-oldrel-windows-x86_64 | 0.4.0 | 7.00 | 65.00 | 72.00 | OK |
Version: 0.4.0
Check: data for non-ASCII characters
Result: NOTE
Note: found 1473 marked UTF-8 strings
Flavors: r-devel-linux-x86_64-fedora-clang, r-devel-linux-x86_64-fedora-gcc