CRAN Package Check Results for Package rgoogleslides

Last updated on 2024-04-23 10:54:15 CEST.

Flavor Version Tinstall Tcheck Ttotal Status Flags
r-devel-linux-x86_64-debian-clang 0.3.2 6.65 29.64 36.29 NOTE
r-devel-linux-x86_64-debian-gcc 0.3.2 4.34 22.73 27.07 NOTE
r-devel-linux-x86_64-fedora-clang 0.3.2 45.56 NOTE
r-devel-linux-x86_64-fedora-gcc 0.3.2 42.70 NOTE
r-prerel-macos-arm64 0.3.2 19.00 NOTE
r-prerel-windows-x86_64 0.3.2 7.00 46.00 53.00 NOTE
r-patched-linux-x86_64 0.3.2 10.20 28.24 38.44 NOTE
r-release-linux-x86_64 0.3.2 4.75 29.29 34.04 NOTE
r-release-macos-arm64 0.3.2 19.00 NOTE
r-release-macos-x86_64 0.3.2 24.00 NOTE
r-release-windows-x86_64 0.3.2 7.00 48.00 55.00 NOTE
r-oldrel-macos-arm64 0.3.2 17.00 NOTE
r-oldrel-windows-x86_64 0.3.2 7.00 48.00 55.00 NOTE

Check Details

Version: 0.3.2
Check: LazyData
Result: NOTE 'LazyData' is specified without a 'data' directory Flavors: r-devel-linux-x86_64-debian-clang, r-devel-linux-x86_64-debian-gcc, r-devel-linux-x86_64-fedora-clang, r-devel-linux-x86_64-fedora-gcc, r-prerel-macos-arm64, r-prerel-windows-x86_64, r-patched-linux-x86_64, r-release-linux-x86_64, r-release-macos-arm64, r-release-macos-x86_64, r-release-windows-x86_64, r-oldrel-macos-arm64, r-oldrel-windows-x86_64