Last updated on 2023-11-28 13:51:06 CET.
Flavor | Version | Tinstall | Tcheck | Ttotal | Status | Flags |
---|---|---|---|---|---|---|
r-devel-linux-x86_64-debian-clang | 0.9.1 | 6.28 | 44.46 | 50.74 | OK | |
r-devel-linux-x86_64-debian-gcc | 0.9.1 | 4.04 | 35.08 | 39.12 | OK | |
r-devel-linux-x86_64-fedora-clang | 0.9.1 | 67.37 | NOTE | |||
r-devel-linux-x86_64-fedora-gcc | 0.9.1 | 72.84 | NOTE | |||
r-devel-windows-x86_64 | 0.9.1 | 6.00 | 61.00 | 67.00 | OK | |
r-patched-linux-x86_64 | 0.9.1 | 12.62 | 44.21 | 56.83 | OK | |
r-release-linux-x86_64 | 0.9.1 | 3.43 | 44.42 | 47.85 | OK | |
r-release-macos-arm64 | 0.9.1 | 27.00 | OK | |||
r-release-macos-x86_64 | 0.9.1 | 47.00 | OK | |||
r-release-windows-x86_64 | 0.9.1 | 8.00 | 67.00 | 75.00 | OK | |
r-oldrel-macos-arm64 | 0.9.1 | 25.00 | OK | |||
r-oldrel-macos-x86_64 | 0.9.1 | 38.00 | OK | |||
r-oldrel-windows-x86_64 | 0.9.1 | 8.00 | 64.00 | 72.00 | OK |
Version: 0.9.1
Check: dependencies in R code
Result: NOTE
Namespaces in Imports field not imported from:
‘attempt’ ‘curl’ ‘knitr’
All declared Imports should be used.
Flavors: r-devel-linux-x86_64-fedora-clang, r-devel-linux-x86_64-fedora-gcc