CRAN Package Check Results for Package rglwidget

Last updated on 2022-07-05 11:50:02 CEST.

Flavor Version Tinstall Tcheck Ttotal Status Flags
r-devel-linux-x86_64-debian-clang 0.2.1 3.33 30.70 34.03 NOTE
r-devel-linux-x86_64-debian-gcc 0.2.1 2.55 24.30 26.85 NOTE
r-devel-linux-x86_64-fedora-clang 0.2.1 52.55 NOTE
r-devel-linux-x86_64-fedora-gcc 0.2.1 52.12 NOTE
r-devel-windows-x86_64 0.2.1 13.00 56.00 69.00 NOTE
r-patched-linux-x86_64 0.2.1 3.24 30.35 33.59 NOTE
r-release-linux-x86_64 0.2.1 2.60 30.61 33.21 NOTE
r-release-macos-arm64 0.2.1 19.00 NOTE
r-release-macos-x86_64 0.2.1 24.00 NOTE
r-release-windows-x86_64 0.2.1 8.00 54.00 62.00 NOTE
r-oldrel-macos-arm64 0.2.1 26.00 NOTE
r-oldrel-macos-x86_64 0.2.1 34.00 NOTE
r-oldrel-windows-ix86+x86_64 0.2.1 10.00 46.00 56.00 NOTE

Check Details

Version: 0.2.1
Check: LazyData
Result: NOTE
     'LazyData' is specified without a 'data' directory
Flavors: r-devel-linux-x86_64-debian-clang, r-devel-linux-x86_64-debian-gcc, r-devel-linux-x86_64-fedora-clang, r-devel-linux-x86_64-fedora-gcc, r-devel-windows-x86_64, r-patched-linux-x86_64, r-release-linux-x86_64, r-release-macos-arm64, r-release-macos-x86_64, r-release-windows-x86_64, r-oldrel-macos-arm64, r-oldrel-macos-x86_64, r-oldrel-windows-ix86+x86_64