CRAN Package Check Results for Package rgl

Last updated on 2022-05-23 11:50:13 CEST.

Flavor Version Tinstall Tcheck Ttotal Status Flags
r-devel-linux-x86_64-debian-clang 0.108.3.2 118.86 227.81 346.67 OK
r-devel-linux-x86_64-debian-gcc 0.108.3.2 91.82 164.97 256.79 OK
r-devel-linux-x86_64-fedora-clang 0.108.3.2 301.65 NOTE
r-devel-linux-x86_64-fedora-gcc 0.108.3.2 381.85 OK
r-devel-windows-x86_64 0.108.3.2 254.00 352.00 606.00 NOTE
r-patched-linux-x86_64 0.108.3.2 101.68 208.05 309.73 OK
r-release-linux-x86_64 0.108.3.2 OK
r-release-macos-arm64 0.108.3.2 130.00 NOTE
r-release-macos-x86_64 0.108.3.2 135.00 ERROR
r-release-windows-x86_64 0.108.3.2 272.00 367.00 639.00 NOTE
r-oldrel-macos-arm64 0.108.3.2 134.00 NOTE
r-oldrel-macos-x86_64 0.108.3.2 146.00 WARN
r-oldrel-windows-ix86+x86_64 0.108.3.2 283.00 263.00 546.00 NOTE

Additional issues

M1mac noSuggests

Check Details

Version: 0.108.3.2
Check: installed package size
Result: NOTE
     installed size is 9.2Mb
     sub-directories of 1Mb or more:
     doc 1.0Mb
     fonts 1.5Mb
     libs 2.4Mb
     useNULL 1.8Mb
Flavors: r-devel-linux-x86_64-fedora-clang, r-devel-windows-x86_64, r-release-macos-arm64, r-release-macos-x86_64, r-release-windows-x86_64, r-oldrel-macos-arm64, r-oldrel-macos-x86_64, r-oldrel-windows-ix86+x86_64

Version: 0.108.3.2
Check: package dependencies
Result: NOTE
    Package suggested but not available for checking: ‘webshot2’
Flavors: r-release-macos-arm64, r-oldrel-macos-arm64, r-oldrel-macos-x86_64

Version: 0.108.3.2
Check: re-building of vignette outputs
Result: ERROR
    Error(s) in re-building vignettes:
     ...
    --- re-building ‘WebGL.Rmd’ using rmarkdown
Flavor: r-release-macos-x86_64

Version: 0.108.3.2
Check: re-building of vignette outputs
Result: WARN
    Error(s) in re-building vignettes:
     ...
    sh: line 1: 5793 Abort trap: 6 '/Library/Frameworks/R.framework/Resources/bin/R' --vanilla --no-echo > '/Volumes/Temp/tmp/RtmpFzVyHn/file169c355433b8' 2>&1 < '/Volumes/Temp/tmp/RtmpFzVyHn/file169c2b0f9062'
    --- re-building ‘WebGL.Rmd’ using rmarkdown
    --- re-building ‘pkgdown.Rmd’ using rmarkdown
    --- finished re-building ‘pkgdown.Rmd’
    
    sh: line 1: 5813 Abort trap: 6 '/Library/Frameworks/R.framework/Resources/bin/R' --vanilla --no-echo > '/Volumes/Temp/tmp/RtmpFzVyHn/file169c3fd05e29' 2>&1 < '/Volumes/Temp/tmp/RtmpFzVyHn/file169c8d5f67a'
    --- re-building ‘rgl.Rmd’ using rmarkdown
    --- re-building ‘transparency.Rmd’ using rmarkdown
    --- finished re-building ‘transparency.Rmd’
    
    SUMMARY: processing the following files failed:
     ‘WebGL.Rmd’ ‘rgl.Rmd’
    
    Error: Vignette re-building failed.
    Execution halted
Flavor: r-oldrel-macos-x86_64