Last updated on 2023-02-06 11:04:48 CET.
Flavor | Version | Tinstall | Tcheck | Ttotal | Status | Flags |
---|---|---|---|---|---|---|
r-devel-linux-x86_64-debian-clang | 0.2.2 | 9.27 | 111.42 | 120.69 | OK | |
r-devel-linux-x86_64-debian-gcc | 0.2.2 | 8.70 | 83.45 | 92.15 | OK | |
r-devel-linux-x86_64-fedora-clang | 0.2.2 | 152.53 | NOTE | |||
r-devel-linux-x86_64-fedora-gcc | 0.2.2 | 160.63 | NOTE | |||
r-devel-windows-x86_64 | 0.2.2 | 22.00 | 150.00 | 172.00 | OK | |
r-patched-linux-x86_64 | 0.2.2 | 6.78 | 104.89 | 111.67 | OK | |
r-release-linux-x86_64 | 0.2.2 | 8.15 | 106.78 | 114.93 | OK | |
r-release-macos-arm64 | 0.2.2 | 39.00 | NOTE | |||
r-release-macos-x86_64 | 0.2.2 | 72.00 | NOTE | |||
r-release-windows-x86_64 | 0.2.2 | 33.00 | 156.00 | 189.00 | OK | |
r-oldrel-macos-arm64 | 0.2.2 | 100.00 | NOTE | |||
r-oldrel-macos-x86_64 | 0.2.2 | 65.00 | NOTE | |||
r-oldrel-windows-ix86+x86_64 | 0.2.2 | 23.00 | 138.00 | 161.00 | OK |
Version: 0.2.2
Check: dependencies in R code
Result: NOTE
Namespaces in Imports field not imported from:
‘leaflet’ ‘pals’ ‘raster’ ‘sp’
All declared Imports should be used.
Flavors: r-devel-linux-x86_64-fedora-clang, r-devel-linux-x86_64-fedora-gcc, r-release-macos-arm64, r-release-macos-x86_64, r-oldrel-macos-arm64, r-oldrel-macos-x86_64