CRAN Package Check Results for Package rflsgen

Last updated on 2022-10-04 11:50:22 CEST.

Flavor Version Tinstall Tcheck Ttotal Status Flags
r-devel-linux-x86_64-debian-clang 1.0.0 30.95 364.49 395.44 OK
r-devel-linux-x86_64-debian-gcc 1.0.0 24.56 262.33 286.89 OK
r-devel-linux-x86_64-fedora-clang 1.0.0 470.69 NOTE
r-devel-linux-x86_64-fedora-gcc 1.0.0 461.43 NOTE
r-devel-windows-x86_64 1.0.0 48.00 338.00 386.00 NOTE
r-patched-linux-x86_64 1.0.0 26.10 342.70 368.80 OK
r-release-linux-x86_64 1.0.0 29.48 347.79 377.27 OK
r-release-macos-arm64 1.0.0 104.00 NOTE
r-release-macos-x86_64 1.0.0 147.00 NOTE
r-release-windows-x86_64 1.0.0 47.00 335.00 382.00 NOTE
r-oldrel-macos-arm64 1.0.0 96.00 NOTE
r-oldrel-macos-x86_64 1.0.0 141.00 NOTE
r-oldrel-windows-ix86+x86_64 1.0.0 72.00 332.00 404.00 NOTE

Check Details

Version: 1.0.0
Check: installed package size
Result: NOTE
     installed size is 32.8Mb
     sub-directories of 1Mb or more:
     doc 3.8Mb
     extdata 2.6Mb
     java 26.1Mb
Flavors: r-devel-linux-x86_64-fedora-clang, r-devel-windows-x86_64, r-release-macos-arm64, r-release-macos-x86_64, r-release-windows-x86_64, r-oldrel-macos-arm64, r-oldrel-macos-x86_64, r-oldrel-windows-ix86+x86_64

Version: 1.0.0
Check: dependencies in R code
Result: NOTE
    Namespace in Imports field not imported from: ‘rgdal’
     All declared Imports should be used.
Flavors: r-devel-linux-x86_64-fedora-clang, r-devel-linux-x86_64-fedora-gcc, r-release-macos-arm64, r-release-macos-x86_64, r-oldrel-macos-arm64, r-oldrel-macos-x86_64