CRAN Package Check Results for Package rflexscan

Last updated on 2022-06-30 11:53:17 CEST.

Flavor Version Tinstall Tcheck Ttotal Status Flags
r-devel-linux-x86_64-debian-clang 1.0.0 20.09 52.52 72.61 OK
r-devel-linux-x86_64-debian-gcc 1.0.0 20.07 39.04 59.11 OK
r-devel-linux-x86_64-fedora-clang 1.0.0 107.22 NOTE
r-devel-linux-x86_64-fedora-gcc 1.0.0 101.04 NOTE
r-devel-windows-x86_64 1.0.0 39.00 99.00 138.00 OK
r-patched-linux-x86_64 1.0.0 23.12 50.23 73.35 OK
r-release-linux-x86_64 1.0.0 20.50 50.85 71.35 OK
r-release-macos-arm64 1.0.0 32.00 NOTE
r-release-macos-x86_64 1.0.0 41.00 NOTE
r-release-windows-x86_64 1.0.0 34.00 102.00 136.00 OK
r-oldrel-macos-arm64 1.0.0 53.00 NOTE
r-oldrel-macos-x86_64 1.0.0 42.00 NOTE
r-oldrel-windows-ix86+x86_64 1.0.0 58.00 109.00 167.00 OK

Check Details

Version: 1.0.0
Check: dependencies in R code
Result: NOTE
    Namespace in Imports field not imported from: ‘rgdal’
     All declared Imports should be used.
Flavors: r-devel-linux-x86_64-fedora-clang, r-devel-linux-x86_64-fedora-gcc, r-release-macos-arm64, r-release-macos-x86_64, r-oldrel-macos-arm64, r-oldrel-macos-x86_64