CRAN Package Check Results for Package rfigshare

Last updated on 2024-02-26 12:54:34 CET.

Flavor Version Tinstall Tcheck Ttotal Status Flags
r-devel-linux-x86_64-debian-clang 0.3.8 6.73 71.10 77.83 NOTE
r-devel-linux-x86_64-debian-gcc 0.3.8 5.03 54.08 59.11 NOTE
r-devel-linux-x86_64-fedora-clang 0.3.8 97.68 OK
r-devel-linux-x86_64-fedora-gcc 0.3.8 103.97 OK
r-devel-windows-x86_64 0.3.8 8.00 76.00 84.00 OK
r-patched-linux-x86_64 0.3.8 7.49 69.93 77.42 OK
r-release-linux-x86_64 0.3.8 7.78 69.90 77.68 OK
r-release-macos-arm64 0.3.8 36.00 OK
r-release-macos-x86_64 0.3.8 53.00 OK
r-release-windows-x86_64 0.3.8 10.00 86.00 96.00 OK
r-oldrel-macos-arm64 0.3.8 28.00 OK
r-oldrel-windows-x86_64 0.3.8 10.00 86.00 96.00 OK

Check Details

Version: 0.3.8
Check: Rd files
Result: NOTE checkRd: (-1) fs_search.Rd:76: Lost braces 76 | \\code{\link{fs_auth}} \code{\link{fs_browse}} | ^ Flavors: r-devel-linux-x86_64-debian-clang, r-devel-linux-x86_64-debian-gcc