CRAN Package Check Results for Package rextendr

Last updated on 2022-06-28 12:52:34 CEST.

Flavor Version Tinstall Tcheck Ttotal Status Flags
r-devel-linux-x86_64-debian-clang 0.2.0 6.32 61.57 67.89 OK
r-devel-linux-x86_64-debian-gcc 0.2.0 5.06 45.66 50.72 OK
r-devel-linux-x86_64-fedora-clang 0.2.0 94.80 NOTE
r-devel-linux-x86_64-fedora-gcc 0.2.0 93.31 NOTE
r-devel-windows-x86_64 0.2.0 26.00 93.00 119.00 OK
r-patched-linux-x86_64 0.2.0 5.09 58.03 63.12 OK
r-release-linux-x86_64 0.2.0 5.59 58.45 64.04 OK
r-release-macos-arm64 0.2.0 26.00 NOTE
r-release-macos-x86_64 0.2.0 56.00 NOTE
r-release-windows-x86_64 0.2.0 34.00 96.00 130.00 OK
r-oldrel-macos-arm64 0.2.0 33.00 NOTE
r-oldrel-macos-x86_64 0.2.0 38.00 NOTE
r-oldrel-windows-ix86+x86_64 0.2.0 16.00 79.00 95.00 OK

Check Details

Version: 0.2.0
Check: dependencies in R code
Result: NOTE
    Namespace in Imports field not imported from: ‘pkgload’
     All declared Imports should be used.
Flavors: r-devel-linux-x86_64-fedora-clang, r-devel-linux-x86_64-fedora-gcc, r-release-macos-arm64, r-release-macos-x86_64, r-oldrel-macos-arm64, r-oldrel-macos-x86_64