CRAN Package Check Results for Package revulyticsR

Last updated on 2022-06-30 11:53:17 CEST.

Flavor Version Tinstall Tcheck Ttotal Status Flags
r-devel-linux-x86_64-debian-clang 0.0.3 6.36 50.74 57.10 NOTE
r-devel-linux-x86_64-debian-gcc 0.0.3 4.79 39.17 43.96 NOTE
r-devel-linux-x86_64-fedora-clang 0.0.3 77.40 NOTE
r-devel-linux-x86_64-fedora-gcc 0.0.3 76.01 NOTE
r-devel-windows-x86_64 0.0.3 18.00 82.00 100.00 NOTE
r-patched-linux-x86_64 0.0.3 5.02 48.13 53.15 NOTE
r-release-linux-x86_64 0.0.3 3.80 48.30 52.10 NOTE
r-release-macos-arm64 0.0.3 21.00 NOTE
r-release-macos-x86_64 0.0.3 36.00 NOTE
r-release-windows-x86_64 0.0.3 32.00 79.00 111.00 NOTE
r-oldrel-macos-arm64 0.0.3 25.00 NOTE
r-oldrel-macos-x86_64 0.0.3 30.00 NOTE
r-oldrel-windows-ix86+x86_64 0.0.3 15.00 67.00 82.00 NOTE

Check Details

Version: 0.0.3
Check: LazyData
Result: NOTE
     'LazyData' is specified without a 'data' directory
Flavors: r-devel-linux-x86_64-debian-clang, r-devel-linux-x86_64-debian-gcc, r-devel-linux-x86_64-fedora-clang, r-devel-linux-x86_64-fedora-gcc, r-devel-windows-x86_64, r-patched-linux-x86_64, r-release-linux-x86_64, r-release-macos-arm64, r-release-macos-x86_64, r-release-windows-x86_64, r-oldrel-macos-arm64, r-oldrel-macos-x86_64, r-oldrel-windows-ix86+x86_64