Last updated on 2022-07-01 11:52:09 CEST.
Flavor | Version | Tinstall | Tcheck | Ttotal | Status | Flags |
---|---|---|---|---|---|---|
r-devel-linux-x86_64-debian-clang | 1.0.4 | 1.62 | 22.63 | 24.25 | OK | |
r-devel-linux-x86_64-debian-gcc | 1.0.4 | 1.41 | 17.96 | 19.37 | OK | |
r-devel-linux-x86_64-fedora-clang | 1.0.4 | 40.72 | NOTE | |||
r-devel-linux-x86_64-fedora-gcc | 1.0.4 | 40.17 | OK | |||
r-devel-windows-x86_64 | 1.0.4 | 12.00 | 47.00 | 59.00 | OK | |
r-patched-linux-x86_64 | 1.0.4 | 2.30 | 21.99 | 24.29 | OK | |
r-release-linux-x86_64 | 1.0.4 | 1.94 | 22.34 | 24.28 | OK | |
r-release-macos-arm64 | 1.0.4 | 14.00 | OK | |||
r-release-macos-x86_64 | 1.0.4 | 22.00 | OK | |||
r-release-windows-x86_64 | 1.0.4 | 9.00 | 47.00 | 56.00 | OK | |
r-oldrel-macos-arm64 | 1.0.4 | 14.00 | OK | |||
r-oldrel-macos-x86_64 | 1.0.4 | 20.00 | OK | |||
r-oldrel-windows-ix86+x86_64 | 1.0.4 | 6.00 | 40.00 | 46.00 | OK |
Version: 1.0.4
Check: Rd cross-references
Result: NOTE
Undeclared package ‘robustbase’ in Rd xrefs
Flavor: r-devel-linux-x86_64-fedora-clang