CRAN Package Check Results for Package revgeo

Last updated on 2022-10-04 11:50:22 CEST.

Flavor Version Tinstall Tcheck Ttotal Status Flags
r-devel-linux-x86_64-debian-clang 0.15 2.84 30.02 32.86 NOTE
r-devel-linux-x86_64-debian-gcc 0.15 2.50 23.88 26.38 NOTE
r-devel-linux-x86_64-fedora-clang 0.15 53.23 NOTE
r-devel-linux-x86_64-fedora-gcc 0.15 53.47 NOTE
r-devel-windows-x86_64 0.15 7.00 56.00 63.00 NOTE
r-patched-linux-x86_64 0.15 2.98 28.73 31.71 NOTE
r-release-linux-x86_64 0.15 2.49 28.98 31.47 NOTE
r-release-macos-arm64 0.15 16.00 NOTE
r-release-macos-x86_64 0.15 24.00 NOTE
r-release-windows-x86_64 0.15 5.00 60.00 65.00 NOTE
r-oldrel-macos-arm64 0.15 18.00 NOTE
r-oldrel-macos-x86_64 0.15 34.00 NOTE
r-oldrel-windows-ix86+x86_64 0.15 18.00 46.00 64.00 NOTE

Check Details

Version: 0.15
Check: LazyData
Result: NOTE
     'LazyData' is specified without a 'data' directory
Flavors: r-devel-linux-x86_64-debian-clang, r-devel-linux-x86_64-debian-gcc, r-devel-linux-x86_64-fedora-clang, r-devel-linux-x86_64-fedora-gcc, r-devel-windows-x86_64, r-patched-linux-x86_64, r-release-linux-x86_64, r-release-macos-arm64, r-release-macos-x86_64, r-release-windows-x86_64, r-oldrel-macos-arm64, r-oldrel-macos-x86_64, r-oldrel-windows-ix86+x86_64