CRAN Package Check Results for Package revengc

Last updated on 2022-06-26 11:52:42 CEST.

Flavor Version Tinstall Tcheck Ttotal Status Flags
r-devel-linux-x86_64-debian-clang 1.0.4 10.05 82.62 92.67 NOTE
r-devel-linux-x86_64-debian-gcc 1.0.4 6.80 61.85 68.65 NOTE
r-devel-linux-x86_64-fedora-clang 1.0.4 120.14 NOTE
r-devel-linux-x86_64-fedora-gcc 1.0.4 120.98 NOTE
r-devel-windows-x86_64 1.0.4 23.00 127.00 150.00 NOTE
r-patched-linux-x86_64 1.0.4 7.23 77.62 84.85 OK
r-release-linux-x86_64 1.0.4 8.14 77.77 85.91 OK
r-release-macos-arm64 1.0.4 30.00 OK
r-release-macos-x86_64 1.0.4 64.00 OK
r-release-windows-x86_64 1.0.4 21.00 128.00 149.00 OK
r-oldrel-macos-arm64 1.0.4 42.00 OK
r-oldrel-macos-x86_64 1.0.4 60.00 OK
r-oldrel-windows-ix86+x86_64 1.0.4 20.00 106.00 126.00 OK

Check Details

Version: 1.0.4
Check: Rd files
Result: NOTE
    checkRd: (-1) rec.Rd:23: Escaped LaTeX specials: \$
Flavors: r-devel-linux-x86_64-debian-clang, r-devel-linux-x86_64-debian-gcc, r-devel-linux-x86_64-fedora-clang, r-devel-linux-x86_64-fedora-gcc, r-devel-windows-x86_64