CRAN Package Check Results for Package retry

Last updated on 2022-06-29 11:52:19 CEST.

Flavor Version Tinstall Tcheck Ttotal Status Flags
r-devel-linux-x86_64-debian-clang 0.1.0 2.69 31.25 33.94 NOTE
r-devel-linux-x86_64-debian-gcc 0.1.0 2.05 24.49 26.54 NOTE
r-devel-linux-x86_64-fedora-clang 0.1.0 51.16 NOTE
r-devel-linux-x86_64-fedora-gcc 0.1.0 51.23 NOTE
r-devel-windows-x86_64 0.1.0 8.00 70.00 78.00 NOTE
r-patched-linux-x86_64 0.1.0 2.36 30.65 33.01 NOTE
r-release-linux-x86_64 0.1.0 2.29 30.47 32.76 NOTE
r-release-macos-arm64 0.1.0 26.00 NOTE
r-release-macos-x86_64 0.1.0 36.00 NOTE
r-release-windows-x86_64 0.1.0 11.00 70.00 81.00 NOTE
r-oldrel-macos-arm64 0.1.0 31.00 NOTE
r-oldrel-macos-x86_64 0.1.0 36.00 NOTE
r-oldrel-windows-ix86+x86_64 0.1.0 8.00 58.00 66.00 NOTE

Check Details

Version: 0.1.0
Check: LazyData
Result: NOTE
     'LazyData' is specified without a 'data' directory
Flavors: r-devel-linux-x86_64-debian-clang, r-devel-linux-x86_64-debian-gcc, r-devel-linux-x86_64-fedora-clang, r-devel-linux-x86_64-fedora-gcc, r-devel-windows-x86_64, r-patched-linux-x86_64, r-release-linux-x86_64, r-release-macos-arm64, r-release-macos-x86_64, r-release-windows-x86_64, r-oldrel-macos-arm64, r-oldrel-macos-x86_64, r-oldrel-windows-ix86+x86_64