Last updated on 2022-07-02 12:53:12 CEST.
Flavor | Version | Tinstall | Tcheck | Ttotal | Status | Flags |
---|---|---|---|---|---|---|
r-devel-linux-x86_64-debian-clang | 1.1.4 | 3.37 | 42.33 | 45.70 | OK | |
r-devel-linux-x86_64-debian-gcc | 1.1.4 | 2.66 | 32.66 | 35.32 | OK | |
r-devel-linux-x86_64-fedora-clang | 1.1.4 | 65.05 | OK | |||
r-devel-linux-x86_64-fedora-gcc | 1.1.4 | 65.28 | OK | |||
r-devel-windows-x86_64 | 1.1.4 | 16.00 | 74.00 | 90.00 | OK | |
r-patched-linux-x86_64 | 1.1.4 | 3.41 | 40.81 | 44.22 | OK | |
r-release-linux-x86_64 | 1.1.4 | 3.54 | 40.71 | 44.25 | OK | |
r-release-macos-arm64 | 1.1.4 | 132.00 | OK | |||
r-release-macos-x86_64 | 1.1.4 | 136.00 | OK | |||
r-release-windows-x86_64 | 1.1.4 | 14.00 | 70.00 | 84.00 | OK | |
r-oldrel-macos-arm64 | 1.1.4 | 31.00 | OK | |||
r-oldrel-macos-x86_64 | 1.1.4 | 40.00 | OK | |||
r-oldrel-windows-ix86+x86_64 | 1.1.4 | 8.00 | 8.00 | 16.00 | ERROR |
Version: 1.1.4
Check: whether package can be installed
Result: ERROR
Installation failed.
Flavor: r-oldrel-windows-ix86+x86_64