CRAN Package Check Results for Package restrictedMVN

Last updated on 2022-06-30 11:53:17 CEST.

Flavor Version Tinstall Tcheck Ttotal Status Flags
r-devel-linux-x86_64-debian-clang 1.0 2.05 35.01 37.06 OK
r-devel-linux-x86_64-debian-gcc 1.0 2.11 25.01 27.12 OK
r-devel-linux-x86_64-fedora-clang 1.0 55.60 NOTE
r-devel-linux-x86_64-fedora-gcc 1.0 54.55 NOTE
r-devel-windows-x86_64 1.0 21.00 56.00 77.00 OK
r-patched-linux-x86_64 1.0 2.60 32.63 35.23 OK
r-release-linux-x86_64 1.0 2.72 34.46 37.18 OK
r-release-macos-arm64 1.0 16.00 OK
r-release-macos-x86_64 1.0 26.00 OK
r-release-windows-x86_64 1.0 25.00 56.00 81.00 OK
r-oldrel-macos-arm64 1.0 19.00 OK
r-oldrel-macos-x86_64 1.0 31.00 OK
r-oldrel-windows-ix86+x86_64 1.0 8.00 71.00 79.00 OK

Check Details

Version: 1.0
Check: compiled code
Result: NOTE
    File ‘restrictedMVN/libs/restrictedMVN.so’:
     Found no calls to: ‘R_registerRoutines’, ‘R_useDynamicSymbols’
    
    It is good practice to register native routines and to disable symbol
    search.
    
    See ‘Writing portable packages’ in the ‘Writing R Extensions’ manual.
Flavors: r-devel-linux-x86_64-fedora-clang, r-devel-linux-x86_64-fedora-gcc