CRAN Package Check Results for Package respirometry

Last updated on 2023-12-05 09:50:15 CET.

Flavor Version Tinstall Tcheck Ttotal Status Flags
r-devel-linux-x86_64-debian-clang 1.4.0 8.67 67.73 76.40 NOTE
r-devel-linux-x86_64-debian-gcc 1.4.0 6.83 49.82 56.65 NOTE
r-devel-linux-x86_64-fedora-clang 1.4.0 90.69 OK
r-devel-linux-x86_64-fedora-gcc 1.4.0 86.99 OK
r-devel-windows-x86_64 1.4.0 9.00 77.00 86.00 OK
r-patched-linux-x86_64 1.4.0 7.38 64.33 71.71 OK
r-release-linux-x86_64 1.4.0 5.41 62.94 68.35 OK
r-release-macos-arm64 1.4.0 27.00 OK
r-release-macos-x86_64 1.4.0 57.00 OK
r-release-windows-x86_64 1.4.0 11.00 84.00 95.00 OK
r-oldrel-macos-arm64 1.4.0 32.00 OK
r-oldrel-macos-x86_64 1.4.0 45.00 OK
r-oldrel-windows-x86_64 1.4.0 11.00 80.00 91.00 OK

Check Details

Version: 1.4.0
Check: Rd files
Result: NOTE checkRd: (-1) calc_MO2.Rd:30: Lost braces in \itemize; meant \describe ? checkRd: (-1) calc_MO2.Rd:31: Lost braces in \itemize; meant \describe ? Flavors: r-devel-linux-x86_64-debian-clang, r-devel-linux-x86_64-debian-gcc