Last updated on 2024-04-22 12:55:52 CEST.
Flavor | Version | Tinstall | Tcheck | Ttotal | Status | Flags |
---|---|---|---|---|---|---|
r-devel-linux-x86_64-debian-clang | 0.0.2 | 173.04 | 193.34 | 366.38 | NOTE | |
r-devel-linux-x86_64-debian-gcc | 0.0.2 | 141.05 | 139.33 | 280.38 | NOTE | |
r-devel-linux-x86_64-fedora-clang | 0.0.2 | 473.35 | NOTE | |||
r-devel-linux-x86_64-fedora-gcc | 0.0.2 | 436.45 | NOTE | |||
r-prerel-macos-arm64 | 0.0.2 | 118.00 | NOTE | |||
r-prerel-windows-x86_64 | 0.0.2 | 129.00 | 242.00 | 371.00 | NOTE | |
r-patched-linux-x86_64 | 0.0.2 | 129.92 | 186.54 | 316.46 | NOTE | |
r-release-linux-x86_64 | 0.0.2 | 119.26 | 180.14 | 299.40 | NOTE | |
r-release-macos-arm64 | 0.0.2 | 124.00 | NOTE | |||
r-release-macos-x86_64 | 0.0.2 | 444.00 | NOTE | |||
r-release-windows-x86_64 | 0.0.2 | 171.00 | 254.00 | 425.00 | NOTE | |
r-oldrel-macos-arm64 | 0.0.2 | 140.00 | NOTE | |||
r-oldrel-windows-x86_64 | 0.0.2 | 161.00 | 241.00 | 402.00 | NOTE |
Version: 0.0.2
Check: for GNU extensions in Makefiles
Result: NOTE
GNU make is a SystemRequirements.
Flavors: r-devel-linux-x86_64-debian-clang, r-devel-linux-x86_64-debian-gcc, r-devel-linux-x86_64-fedora-clang, r-devel-linux-x86_64-fedora-gcc, r-prerel-macos-arm64, r-prerel-windows-x86_64, r-patched-linux-x86_64, r-release-linux-x86_64, r-release-macos-arm64, r-release-macos-x86_64, r-release-windows-x86_64, r-oldrel-macos-arm64, r-oldrel-windows-x86_64
Version: 0.0.2
Check: installed package size
Result: NOTE
installed size is 16.1Mb
sub-directories of 1Mb or more:
R 2.1Mb
libs 13.5Mb
Flavors: r-prerel-macos-arm64, r-release-macos-arm64, r-release-macos-x86_64, r-oldrel-macos-arm64