Last updated on 2022-06-29 11:52:19 CEST.
Flavor | Version | Tinstall | Tcheck | Ttotal | Status | Flags |
---|---|---|---|---|---|---|
r-devel-linux-x86_64-debian-clang | 1.0.0 | 4.48 | 51.81 | 56.29 | OK | |
r-devel-linux-x86_64-debian-gcc | 1.0.0 | 2.69 | 38.77 | 41.46 | OK | |
r-devel-linux-x86_64-fedora-clang | 1.0.0 | 77.08 | NOTE | |||
r-devel-linux-x86_64-fedora-gcc | 1.0.0 | 76.43 | NOTE | |||
r-devel-windows-x86_64 | 1.0.0 | 44.00 | 77.00 | 121.00 | OK | |
r-patched-linux-x86_64 | 1.0.0 | 4.95 | 48.01 | 52.96 | OK | |
r-release-linux-x86_64 | 1.0.0 | 3.54 | 47.78 | 51.32 | OK | |
r-release-macos-arm64 | 1.0.0 | 24.00 | NOTE | |||
r-release-macos-x86_64 | 1.0.0 | 36.00 | NOTE | |||
r-release-windows-x86_64 | 1.0.0 | 40.00 | 76.00 | 116.00 | OK | |
r-oldrel-macos-arm64 | 1.0.0 | 27.00 | NOTE | |||
r-oldrel-macos-x86_64 | 1.0.0 | 40.00 | NOTE | |||
r-oldrel-windows-ix86+x86_64 | 1.0.0 | 11.00 | 69.00 | 80.00 | OK |
Version: 1.0.0
Check: data for non-ASCII characters
Result: NOTE
Note: found 25 marked UTF-8 strings
Flavors: r-devel-linux-x86_64-fedora-clang, r-devel-linux-x86_64-fedora-gcc, r-release-macos-arm64, r-release-macos-x86_64, r-oldrel-macos-arm64, r-oldrel-macos-x86_64