Last updated on 2022-07-04 12:54:19 CEST.
Flavor | Version | Tinstall | Tcheck | Ttotal | Status | Flags |
---|---|---|---|---|---|---|
r-devel-linux-x86_64-debian-clang | 0.1.3 | 47.50 | 266.55 | 314.05 | WARN | |
r-devel-linux-x86_64-debian-gcc | 0.1.3 | 38.13 | 190.31 | 228.44 | OK | |
r-devel-linux-x86_64-fedora-clang | 0.1.3 | 392.61 | WARN | |||
r-devel-linux-x86_64-fedora-gcc | 0.1.3 | 385.15 | OK | |||
r-devel-windows-x86_64 | 0.1.3 | 66.00 | 289.00 | 355.00 | OK | |
r-patched-linux-x86_64 | 0.1.3 | 40.72 | 255.26 | 295.98 | OK | |
r-release-linux-x86_64 | 0.1.3 | 40.83 | 256.69 | 297.52 | OK | |
r-release-macos-arm64 | 0.1.3 | 121.00 | OK | |||
r-release-macos-x86_64 | 0.1.3 | 178.00 | OK | |||
r-release-windows-x86_64 | 0.1.3 | 55.00 | 301.00 | 356.00 | OK | |
r-oldrel-macos-arm64 | 0.1.3 | 103.00 | OK | |||
r-oldrel-macos-x86_64 | 0.1.3 | 130.00 | OK | |||
r-oldrel-windows-ix86+x86_64 | 0.1.3 | 118.00 | 334.00 | 452.00 | OK |
Version: 0.1.3
Check: whether package can be installed
Result: WARN
Found the following significant warnings:
within_category_compare.cpp:52:21: warning: use of bitwise '|' with boolean operands [-Wbitwise-instead-of-logical]
Flavors: r-devel-linux-x86_64-debian-clang, r-devel-linux-x86_64-fedora-clang