Last updated on 2024-04-17 10:41:48 CEST.
Flavor | Version | Tinstall | Tcheck | Ttotal | Status | Flags |
---|---|---|---|---|---|---|
r-devel-linux-x86_64-debian-clang | 1.1.3 | 16.57 | 222.79 | 239.36 | NOTE | |
r-devel-linux-x86_64-debian-gcc | 1.1.3 | 13.30 | 141.84 | 155.14 | NOTE | |
r-devel-linux-x86_64-fedora-clang | 1.1.3 | 291.01 | NOTE | |||
r-devel-linux-x86_64-fedora-gcc | 1.1.3 | 284.27 | NOTE | |||
r-prerel-macos-arm64 | 1.1.3 | 72.00 | NOTE | |||
r-prerel-windows-x86_64 | 1.1.3 | 14.00 | 139.00 | 153.00 | NOTE | |
r-patched-linux-x86_64 | 1.1.3 | 16.58 | 199.63 | 216.21 | NOTE | |
r-release-linux-x86_64 | 1.1.3 | 15.01 | 206.37 | 221.38 | OK | |
r-release-macos-arm64 | 1.1.3 | 84.00 | OK | |||
r-release-macos-x86_64 | 1.1.3 | 135.00 | OK | |||
r-release-windows-x86_64 | 1.1.3 | 18.00 | 182.00 | 200.00 | OK | |
r-oldrel-macos-arm64 | 1.1.3 | 77.00 | OK | |||
r-oldrel-windows-x86_64 | 1.1.3 | 20.00 | 184.00 | 204.00 | OK |
Version: 1.1.3
Check: Rd files
Result: NOTE
checkRd: (-1) method.A.Rd:200-205: Lost braces in \itemize; \value handles \item{}{} directly
checkRd: (-1) method.A.Rd:206-211: Lost braces in \itemize; \value handles \item{}{} directly
checkRd: (-1) method.A.Rd:231-236: Lost braces in \itemize; \value handles \item{}{} directly
checkRd: (-1) method.A.Rd:237-242: Lost braces in \itemize; \value handles \item{}{} directly
checkRd: (-1) method.B.Rd:201-206: Lost braces in \itemize; \value handles \item{}{} directly
checkRd: (-1) method.B.Rd:207-212: Lost braces in \itemize; \value handles \item{}{} directly
checkRd: (-1) method.B.Rd:232-237: Lost braces in \itemize; \value handles \item{}{} directly
checkRd: (-1) method.B.Rd:238-243: Lost braces in \itemize; \value handles \item{}{} directly
Flavors: r-devel-linux-x86_64-debian-clang, r-devel-linux-x86_64-debian-gcc, r-devel-linux-x86_64-fedora-clang, r-devel-linux-x86_64-fedora-gcc, r-prerel-macos-arm64, r-prerel-windows-x86_64, r-patched-linux-x86_64