Last updated on 2025-04-29 12:52:47 CEST.
Flavor | Version | Tinstall | Tcheck | Ttotal | Status | Flags |
---|---|---|---|---|---|---|
r-devel-linux-x86_64-debian-clang | 0.1-1 | 6.91 | 41.27 | 48.18 | NOTE | |
r-devel-linux-x86_64-debian-gcc | 0.1-1 | 4.84 | 28.74 | 33.58 | NOTE | |
r-devel-linux-x86_64-fedora-clang | 0.1-1 | 78.77 | OK | |||
r-devel-linux-x86_64-fedora-gcc | 0.1-1 | 72.50 | OK | |||
r-devel-windows-x86_64 | 0.1-1 | 7.00 | 60.00 | 67.00 | OK | |
r-patched-linux-x86_64 | 0.1-1 | 7.63 | 39.31 | 46.94 | OK | |
r-release-linux-x86_64 | 0.1-1 | 6.89 | 39.61 | 46.50 | OK | |
r-release-macos-arm64 | 0.1-1 | 21.00 | OK | |||
r-release-macos-x86_64 | 0.1-1 | 41.00 | OK | |||
r-release-windows-x86_64 | 0.1-1 | 6.00 | 61.00 | 67.00 | OK | |
r-oldrel-macos-arm64 | 0.1-1 | 20.00 | OK | |||
r-oldrel-macos-x86_64 | 0.1-1 | 37.00 | OK | |||
r-oldrel-windows-x86_64 | 0.1-1 | 8.00 | 57.00 | 65.00 | OK |
Version: 0.1-1
Check: CRAN incoming feasibility
Result: NOTE
Maintainer: ‘Miguel F. Acevedo <acevedo@unt.edu>’
No Authors@R field in DESCRIPTION.
Please add one, modifying
Authors@R: person(given = c("Miguel", "F."),
family = "Acevedo",
role = c("aut", "cre"),
email = "acevedo@unt.edu")
as necessary.
Flavors: r-devel-linux-x86_64-debian-clang, r-devel-linux-x86_64-debian-gcc