Last updated on 2024-04-24 11:21:02 CEST.
Flavor | Version | Tinstall | Tcheck | Ttotal | Status | Flags |
---|---|---|---|---|---|---|
r-devel-linux-x86_64-debian-clang | 1.0.2 | 18.81 | 207.19 | 226.00 | OK | |
r-devel-linux-x86_64-debian-gcc | 1.0.2 | 15.10 | 151.98 | 167.08 | OK | |
r-devel-linux-x86_64-fedora-clang | 1.0.2 | 292.51 | OK | |||
r-devel-linux-x86_64-fedora-gcc | 1.0.2 | 298.25 | OK | |||
r-devel-windows-x86_64 | 1.0.2 | 16.00 | 156.00 | 172.00 | OK | |
r-patched-linux-x86_64 | 1.0.2 | 11.86 | 202.31 | 214.17 | OK | |
r-release-linux-x86_64 | 1.0.2 | 11.85 | 202.75 | 214.60 | OK | |
r-release-macos-arm64 | 1.0.2 | 89.00 | OK | |||
r-release-windows-x86_64 | 1.0.2 | 15.00 | 152.00 | 167.00 | OK | |
r-oldrel-macos-arm64 | 1.0.2 | 87.00 | OK | |||
r-oldrel-macos-x86_64 | 1.0.2 | 129.00 | NOTE | |||
r-oldrel-windows-x86_64 | 1.0.2 | 22.00 | 190.00 | 212.00 | OK |
Version: 1.0.2
Check: package dependencies
Result: NOTE
Package suggested but not available for checking: ‘ggpubr’
Flavor: r-oldrel-macos-x86_64